{"id":16765,"date":"2023-07-17T14:04:11","date_gmt":"2023-07-17T17:04:11","guid":{"rendered":"https:\/\/faec.org.br\/sistema\/?page_id=16765"},"modified":"2023-07-24T10:20:19","modified_gmt":"2023-07-24T13:20:19","slug":"encontro-dos-produtores-rurais-morada-nova","status":"publish","type":"page","link":"https:\/\/faec.org.br\/sistema\/encontro-dos-produtores-rurais-morada-nova\/","title":{"rendered":"Encontro dos Produtores Rurais &#8211; Vale do Jaguaribe"},"content":{"rendered":"<p><img loading=\"lazy\" decoding=\"async\" class=\"alignnone size-full wp-image-16769\" src=\"http:\/\/faec.org.br\/sistema\/wp-content\/uploads\/2023\/07\/BANNER-SITE-scaled.jpg\" alt=\"\" width=\"2560\" height=\"796\" srcset=\"https:\/\/faec.org.br\/sistema\/wp-content\/uploads\/2023\/07\/BANNER-SITE-scaled.jpg 2560w, https:\/\/faec.org.br\/sistema\/wp-content\/uploads\/2023\/07\/BANNER-SITE-300x93.jpg 300w, https:\/\/faec.org.br\/sistema\/wp-content\/uploads\/2023\/07\/BANNER-SITE-2048x637.jpg 2048w, https:\/\/faec.org.br\/sistema\/wp-content\/uploads\/2023\/07\/BANNER-SITE-768x239.jpg 768w, https:\/\/faec.org.br\/sistema\/wp-content\/uploads\/2023\/07\/BANNER-SITE-1536x477.jpg 1536w, https:\/\/faec.org.br\/sistema\/wp-content\/uploads\/2023\/07\/BANNER-SITE-24x7.jpg 24w, https:\/\/faec.org.br\/sistema\/wp-content\/uploads\/2023\/07\/BANNER-SITE-36x11.jpg 36w, https:\/\/faec.org.br\/sistema\/wp-content\/uploads\/2023\/07\/BANNER-SITE-48x15.jpg 48w\" sizes=\"auto, (max-width: 2560px) 100vw, 2560px\" \/><br \/>\n\n<div class=\"wpcf7 no-js\" id=\"wpcf7-f16764-o1\" lang=\"pt-BR\" dir=\"ltr\" data-wpcf7-id=\"16764\">\n<div class=\"screen-reader-response\"><p role=\"status\" aria-live=\"polite\" aria-atomic=\"true\"><\/p> <ul><\/ul><\/div>\n<form action=\"\/sistema\/wp-json\/wp\/v2\/pages\/16765#wpcf7-f16764-o1\" method=\"post\" class=\"wpcf7-form init\" aria-label=\"Formul\u00e1rios de contato\" novalidate=\"novalidate\" data-status=\"init\">\n<div style=\"display: none;\">\n<input type=\"hidden\" name=\"_wpcf7\" value=\"16764\" \/>\n<input type=\"hidden\" name=\"_wpcf7_version\" value=\"6.0.1\" \/>\n<input type=\"hidden\" name=\"_wpcf7_locale\" value=\"pt_BR\" \/>\n<input type=\"hidden\" name=\"_wpcf7_unit_tag\" value=\"wpcf7-f16764-o1\" \/>\n<input type=\"hidden\" name=\"_wpcf7_container_post\" value=\"0\" \/>\n<input type=\"hidden\" name=\"_wpcf7_posted_data_hash\" value=\"\" \/>\n<input type=\"hidden\" name=\"_wpcf7cf_hidden_group_fields\" value=\"[]\" \/>\n<input type=\"hidden\" name=\"_wpcf7cf_hidden_groups\" value=\"[]\" \/>\n<input type=\"hidden\" name=\"_wpcf7cf_visible_groups\" value=\"[]\" \/>\n<input type=\"hidden\" name=\"_wpcf7cf_repeaters\" value=\"[]\" \/>\n<input type=\"hidden\" name=\"_wpcf7cf_steps\" value=\"{}\" \/>\n<input type=\"hidden\" name=\"_wpcf7cf_options\" value=\"{&quot;form_id&quot;:16764,&quot;conditions&quot;:[{&quot;then_field&quot;:&quot;group-278&quot;,&quot;and_rules&quot;:[{&quot;if_field&quot;:&quot;ateg&quot;,&quot;operator&quot;:&quot;equals&quot;,&quot;if_value&quot;:&quot;Sim&quot;}]}],&quot;settings&quot;:{&quot;animation&quot;:&quot;yes&quot;,&quot;animation_intime&quot;:200,&quot;animation_outtime&quot;:200,&quot;conditions_ui&quot;:&quot;normal&quot;,&quot;notice_dismissed&quot;:false,&quot;notice_dismissed_update-cf7-5.7.5.1&quot;:true,&quot;notice_dismissed_rollback-cf7-5.8.1&quot;:true}}\" \/>\n<input type=\"hidden\" name=\"_wpcf7_recaptcha_response\" value=\"\" \/>\n<\/div>\n<p><label> Nome<br \/>\n<span class=\"wpcf7-form-control-wrap\" data-name=\"your-name\"><input size=\"40\" maxlength=\"400\" class=\"wpcf7-form-control wpcf7-text wpcf7-validates-as-required\" aria-required=\"true\" aria-invalid=\"false\" value=\"\" type=\"text\" name=\"your-name\" \/><\/span> <\/label>\n<\/p>\n<p><label> CPF:<br \/>\n<span class=\"wpcf7-form-control-wrap\" data-name=\"cpf\"><input size=\"40\" maxlength=\"400\" class=\"wpcf7-form-control wpcf7-text wpcf7-validates-as-required\" aria-required=\"true\" aria-invalid=\"false\" value=\"\" type=\"text\" name=\"cpf\" \/><\/span> <\/label>\n<\/p>\n<p><label> E-mail<br \/>\n<span class=\"wpcf7-form-control-wrap\" data-name=\"email\"><input size=\"40\" maxlength=\"400\" class=\"wpcf7-form-control wpcf7-email wpcf7-text wpcf7-validates-as-email\" aria-invalid=\"false\" value=\"\" type=\"email\" name=\"email\" \/><\/span><br \/>\n<\/label>\n<\/p>\n<p><label> Telefone com DDD<br \/>\n<span class=\"wpcf7-form-control-wrap\" data-name=\"tel\"><input size=\"40\" maxlength=\"400\" class=\"wpcf7-form-control wpcf7-tel wpcf7-validates-as-required wpcf7-text wpcf7-validates-as-tel\" aria-required=\"true\" aria-invalid=\"false\" value=\"\" type=\"tel\" name=\"tel\" \/><\/span> <\/label>\n<\/p>\n<p><label> Munic\u00edpio<br \/>\n<span class=\"wpcf7-form-control-wrap\" data-name=\"municipio\"><input size=\"40\" maxlength=\"400\" class=\"wpcf7-form-control wpcf7-text wpcf7-validates-as-required\" aria-required=\"true\" aria-invalid=\"false\" value=\"\" type=\"text\" name=\"municipio\" \/><\/span> <\/label>\n<\/p>\n<p><label> Tipo de Transporte<br \/>\n<span class=\"wpcf7-form-control-wrap\" data-name=\"transporte\"><span class=\"wpcf7-form-control wpcf7-radio\"><span class=\"wpcf7-list-item first\"><label><input type=\"radio\" name=\"transporte\" value=\"Transporte Pr\u00f3prio\" \/><span class=\"wpcf7-list-item-label\">Transporte Pr\u00f3prio<\/span><\/label><\/span><span class=\"wpcf7-list-item last\"><label><input type=\"radio\" name=\"transporte\" value=\"Caravana\" \/><span class=\"wpcf7-list-item-label\">Caravana<\/span><\/label><\/span><\/span><\/span><\/label>\n<\/p>\n<p><label> Voc\u00ea foi\/\u00e9 assistido pelo Programa de Assist\u00eancia T\u00e9cnica e Gerencial do SENAR - ATeG ?<br \/>\n<span class=\"wpcf7-form-control-wrap\" data-name=\"ateg\"><span class=\"wpcf7-form-control wpcf7-radio\"><span class=\"wpcf7-list-item first\"><label><input type=\"radio\" name=\"ateg\" value=\"Sim\" \/><span class=\"wpcf7-list-item-label\">Sim<\/span><\/label><\/span><span class=\"wpcf7-list-item last\"><label><input type=\"radio\" name=\"ateg\" value=\"N\u00e3o\" \/><span class=\"wpcf7-list-item-label\">N\u00e3o<\/span><\/label><\/span><\/span><\/span><\/label>\n<\/p>\n<div data-id=\"group-278\" data-orig_data_id=\"group-278\" data-clear_on_hide data-class=\"wpcf7cf_group\">\n\t<p><label> Qual Cadeia Produtiva:<br \/>\n<span class=\"wpcf7-form-control-wrap\" data-name=\"cadeia\"><span class=\"wpcf7-form-control wpcf7-checkbox\"><span class=\"wpcf7-list-item first\"><label><input type=\"checkbox\" name=\"cadeia[]\" value=\"Apicultura\" \/><span class=\"wpcf7-list-item-label\">Apicultura<\/span><\/label><\/span><span class=\"wpcf7-list-item\"><label><input type=\"checkbox\" name=\"cadeia[]\" value=\"Avicultura\" \/><span class=\"wpcf7-list-item-label\">Avicultura<\/span><\/label><\/span><span class=\"wpcf7-list-item\"><label><input type=\"checkbox\" name=\"cadeia[]\" value=\"Carcinicultura\" \/><span class=\"wpcf7-list-item-label\">Carcinicultura<\/span><\/label><\/span><span class=\"wpcf7-list-item\"><label><input type=\"checkbox\" name=\"cadeia[]\" value=\"Piscicultura\" \/><span class=\"wpcf7-list-item-label\">Piscicultura<\/span><\/label><\/span><span class=\"wpcf7-list-item\"><label><input type=\"checkbox\" name=\"cadeia[]\" value=\"Su\u00ednocultura\" \/><span class=\"wpcf7-list-item-label\">Su\u00ednocultura<\/span><\/label><\/span><span class=\"wpcf7-list-item\"><label><input type=\"checkbox\" name=\"cadeia[]\" value=\"Bovinocultura de Leite\" \/><span class=\"wpcf7-list-item-label\">Bovinocultura de Leite<\/span><\/label><\/span><span class=\"wpcf7-list-item\"><label><input type=\"checkbox\" name=\"cadeia[]\" value=\"Bovinocultura de Corte\" \/><span class=\"wpcf7-list-item-label\">Bovinocultura de Corte<\/span><\/label><\/span><span class=\"wpcf7-list-item\"><label><input type=\"checkbox\" name=\"cadeia[]\" value=\"Fruticultura\" \/><span class=\"wpcf7-list-item-label\">Fruticultura<\/span><\/label><\/span><span class=\"wpcf7-list-item\"><label><input type=\"checkbox\" name=\"cadeia[]\" value=\"Ovinocaprinocultura\" \/><span class=\"wpcf7-list-item-label\">Ovinocaprinocultura<\/span><\/label><\/span><span class=\"wpcf7-list-item last\"><label><input type=\"checkbox\" name=\"cadeia[]\" value=\"Agroind\u00fastria\" \/><span class=\"wpcf7-list-item-label\">Agroind\u00fastria<\/span><\/label><\/span><\/span><\/span><br \/>\nEm qual Munic\u00edpio?<br \/>\n<span class=\"wpcf7-form-control-wrap\" data-name=\"text-715\"><input size=\"40\" maxlength=\"400\" class=\"wpcf7-form-control wpcf7-text\" aria-invalid=\"false\" value=\"\" type=\"text\" name=\"text-715\" \/><\/span><br \/>\n<\/label>\n\t<\/p>\n<\/div>\n<p><span class=\"wpcf7-form-control-wrap\" data-name=\"aceito\"><span class=\"wpcf7-form-control wpcf7-acceptance\"><span class=\"wpcf7-list-item\"><input type=\"checkbox\" name=\"aceito\" value=\"1\" aria-invalid=\"false\" \/><\/span><\/span><\/span> Autorizo o SISTEMA FAEC\/SENAR-AR\/CE a realizar o tratamento de meus dados pessoais para fins de participa\u00e7\u00e3o no evento, podendo compartilha-los com seus parceiros e demais prestadores de servi\u00e7os, restringindo-se \u00e0s fun\u00e7\u00f5es e atividades por cada um desempenhadas no evento e em ader\u00eancia \u00e0s finalidades acima estabelecidas e de acordo com a Lei n\u00ba 13.709\/18 - Lei Geral de Prote\u00e7\u00e3o de Dados Pessoais. Eu li e concordo com as Pol\u00edticas de Privacidade.\n<\/p>\n<p><input class=\"wpcf7-form-control wpcf7-submit has-spinner\" type=\"submit\" value=\"Enviar\" \/>\n<\/p><div class=\"wpcf7-response-output\" aria-hidden=\"true\"><\/div>\n<\/form>\n<\/div>\n<\/p>\n","protected":false},"excerpt":{"rendered":"","protected":false},"author":1,"featured_media":16785,"parent":0,"menu_order":0,"comment_status":"closed","ping_status":"closed","template":"","meta":{"footnotes":"","_links_to":"","_links_to_target":""},"class_list":["post-16765","page","type-page","status-publish","has-post-thumbnail","czr-hentry"],"aioseo_notices":[],"_links":{"self":[{"href":"https:\/\/faec.org.br\/sistema\/wp-json\/wp\/v2\/pages\/16765","targetHints":{"allow":["GET"]}}],"collection":[{"href":"https:\/\/faec.org.br\/sistema\/wp-json\/wp\/v2\/pages"}],"about":[{"href":"https:\/\/faec.org.br\/sistema\/wp-json\/wp\/v2\/types\/page"}],"author":[{"embeddable":true,"href":"https:\/\/faec.org.br\/sistema\/wp-json\/wp\/v2\/users\/1"}],"replies":[{"embeddable":true,"href":"https:\/\/faec.org.br\/sistema\/wp-json\/wp\/v2\/comments?post=16765"}],"version-history":[{"count":5,"href":"https:\/\/faec.org.br\/sistema\/wp-json\/wp\/v2\/pages\/16765\/revisions"}],"predecessor-version":[{"id":16772,"href":"https:\/\/faec.org.br\/sistema\/wp-json\/wp\/v2\/pages\/16765\/revisions\/16772"}],"wp:featuredmedia":[{"embeddable":true,"href":"https:\/\/faec.org.br\/sistema\/wp-json\/wp\/v2\/media\/16785"}],"wp:attachment":[{"href":"https:\/\/faec.org.br\/sistema\/wp-json\/wp\/v2\/media?parent=16765"}],"curies":[{"name":"wp","href":"https:\/\/api.w.org\/{rel}","templated":true}]}}