{"id":15478,"date":"2022-02-22T10:05:00","date_gmt":"2022-02-22T13:05:00","guid":{"rendered":"http:\/\/faec.org.br\/faecsenarsinrural\/?page_id=15478"},"modified":"2025-09-02T09:17:30","modified_gmt":"2025-09-02T12:17:30","slug":"sindicato-rural-de-brejo-santo","status":"publish","type":"page","link":"https:\/\/faec.org.br\/sinrural\/encontre-seu-sindicato-rural\/sindicato-rural-de-brejo-santo\/","title":{"rendered":"SINDICATO RURAL DE BREJO SANTO"},"content":{"rendered":"<p>&nbsp;<\/p>\n<p>&nbsp;<\/p>\n<p>&nbsp;<\/p>\n<table class=\"unstyledTable\">\n<tbody>\n<tr>\n<td><img loading=\"lazy\" decoding=\"async\" class=\"alignnone size-full wp-image-15479\" src=\"http:\/\/faec.org.br\/sinrural\/wp-content\/uploads\/2022\/02\/BREJO-SANTO.jpg\" alt=\"\" width=\"407\" height=\"500\" srcset=\"https:\/\/faec.org.br\/sinrural\/wp-content\/uploads\/2022\/02\/BREJO-SANTO.jpg 407w, https:\/\/faec.org.br\/sinrural\/wp-content\/uploads\/2022\/02\/BREJO-SANTO-244x300.jpg 244w, https:\/\/faec.org.br\/sinrural\/wp-content\/uploads\/2022\/02\/BREJO-SANTO-20x24.jpg 20w, https:\/\/faec.org.br\/sinrural\/wp-content\/uploads\/2022\/02\/BREJO-SANTO-29x36.jpg 29w, https:\/\/faec.org.br\/sinrural\/wp-content\/uploads\/2022\/02\/BREJO-SANTO-39x48.jpg 39w\" sizes=\"auto, (max-width: 407px) 100vw, 407px\" \/><\/td>\n<td>\n<pre><img loading=\"lazy\" decoding=\"async\" class=\"size-full wp-image-415 alignleft\" src=\"http:\/\/faec.org.br\/sinrural\/wp-content\/uploads\/2022\/03\/WhatsApp-Image-2022-03-10-at-08.57.45.jpeg\" alt=\"\" width=\"180\" height=\"213\" \/>SINDICATO RURAL DE BREJO SANTO\r\nMandato: 23\/07\/2024 a 22\/07\/2027\r\nPresidente: Candice Macedo de Ara\u00fajo Rangel \r\nEndere\u00e7o: Rua Manoel In\u00e1cio Bezerra, n\u00ba84, Centro\r\nCEP:63.260-000 - Brejo Santo - CE\r\nTelefone: (85) 98895-5550\r\nEmail: <a href=\"sinruralbrejosanto@gmail.com\">sinruralbrejosanto@gmail.com;\r\ncandicerangel@hotmail.com<\/a><\/pre>\n<\/td>\n<\/tr>\n<\/tbody>\n<\/table>\n","protected":false},"excerpt":{"rendered":"<p>&nbsp; &nbsp; &nbsp; SINDICATO RURAL DE BREJO SANTO Mandato: 23\/07\/2024 a 22\/07\/2027 Presidente: Candice Macedo de Ara\u00fajo Rangel Endere\u00e7o: Rua Manoel In\u00e1cio Bezerra, n\u00ba84, Centro CEP:63.260-000 &#8211; Brejo Santo &#8211; CE Telefone: (85) 98895-5550 Email: sinruralbrejosanto@gmail.com; candicerangel@hotmail.com<\/p>\n","protected":false},"author":1,"featured_media":0,"parent":469,"menu_order":0,"comment_status":"closed","ping_status":"closed","template":"","meta":{"footnotes":""},"class_list":["post-15478","page","type-page","status-publish","czr-hentry"],"_links":{"self":[{"href":"https:\/\/faec.org.br\/sinrural\/wp-json\/wp\/v2\/pages\/15478","targetHints":{"allow":["GET"]}}],"collection":[{"href":"https:\/\/faec.org.br\/sinrural\/wp-json\/wp\/v2\/pages"}],"about":[{"href":"https:\/\/faec.org.br\/sinrural\/wp-json\/wp\/v2\/types\/page"}],"author":[{"embeddable":true,"href":"https:\/\/faec.org.br\/sinrural\/wp-json\/wp\/v2\/users\/1"}],"replies":[{"embeddable":true,"href":"https:\/\/faec.org.br\/sinrural\/wp-json\/wp\/v2\/comments?post=15478"}],"version-history":[{"count":12,"href":"https:\/\/faec.org.br\/sinrural\/wp-json\/wp\/v2\/pages\/15478\/revisions"}],"predecessor-version":[{"id":16401,"href":"https:\/\/faec.org.br\/sinrural\/wp-json\/wp\/v2\/pages\/15478\/revisions\/16401"}],"up":[{"embeddable":true,"href":"https:\/\/faec.org.br\/sinrural\/wp-json\/wp\/v2\/pages\/469"}],"wp:attachment":[{"href":"https:\/\/faec.org.br\/sinrural\/wp-json\/wp\/v2\/media?parent=15478"}],"curies":[{"name":"wp","href":"https:\/\/api.w.org\/{rel}","templated":true}]}}