{"id":201,"date":"2022-01-12T08:42:05","date_gmt":"2022-01-12T11:42:05","guid":{"rendered":"http:\/\/localhost\/faecsenarsinrural\/?page_id=201"},"modified":"2024-02-26T10:20:51","modified_gmt":"2024-02-26T13:20:51","slug":"quem-somos","status":"publish","type":"page","link":"https:\/\/faec.org.br\/senar\/quem-somos\/","title":{"rendered":"Quem Somos"},"content":{"rendered":"<div align=\"left\">\n<h3><strong>O que \u00e9 o SENAR<\/strong><\/h3>\n<p style=\"text-align: justify;\">O Servi\u00e7o Nacional de Aprendizagem Rural \u2013 SENAR-AR\/CE, \u00e9 uma entidade de direito privado, paraestatal e integrante do chamado \u201cSistema S\u201d, desenvolvendo fun\u00e7\u00e3o p\u00fablica ao lado do Estado. Foi criado pelo Conselho Deliberativo do SENAR Administra\u00e7\u00e3o Central, por meio da Portaria n.005\/1994, estando vinculado \u00e0 Federa\u00e7\u00e3o da Agricultura e Pecu\u00e1ria do Cear\u00e1 \u2013 FAEC. O SENAR-AR\/CE tem por objetivo organizar, executar e administrar a\u00e7\u00f5es de ensino da Forma\u00e7\u00e3o Profissional Rural (FPR); da Promo\u00e7\u00e3o Social (PS); e de Programas e Projetos Especiais (PPE), para profissionais e trabalhadores da atividade rural no Estado do Cear\u00e1. Acrescentam-se, ainda, as a\u00e7\u00f5es de Educa\u00e7\u00e3o Formal (EFO) presencial, semipresencial e \u00e0 dist\u00e2ncia (EaD), Assist\u00eancia T\u00e9cnica e Gerencial (ATEG) nas \u00e1reas de agricultura, pecu\u00e1ria, silvicultura, aquicultura, agroind\u00fastria, sistemas integrados de produ\u00e7\u00e3o, sendo todas as a\u00e7\u00f5es ofertadas de forma gratuita. H\u00e1 30 anos cumpre com a sua miss\u00e3o de trabalho, disponibilizando ao p\u00fablico alvo uma oferta educativa variada, a partir das quais s\u00e3o desenvolvidas compet\u00eancias profissionais, que contribuem para o avan\u00e7o socioecon\u00f4mico das pessoas do meio rural cearense.<\/p>\n<h3 align=\"justify\"><strong>Miss\u00e3o<\/strong><\/h3>\n<p style=\"font-weight: 400;\">Realizar a Educa\u00e7\u00e3o Profissional, a Assist\u00eancia T\u00e9cnica e Gerencial, \u00e0s atividades de Promo\u00e7\u00e3o Social, contribuindo para um cen\u00e1rio de crescente desenvolvimento da produ\u00e7\u00e3o sustent\u00e1vel, da competitividade e de avan\u00e7os sociais no campo.<\/p>\n<h3><strong>Vis\u00e3o de Futuro<\/strong><\/h3>\n<p>Ser refer\u00eancia em educa\u00e7\u00e3o profissional rural na dissemina\u00e7\u00e3o de metodologias comprometidas com a sustentabilidade, a\u00e7\u00f5es desenvolvidas atrav\u00e9s\u00a0de\u00a0processo educativo e democr\u00e1tico,\u00a0um\u00a0instrumento capaz\u00a0de\u00a0atender \u00e0s demandas\u00a0do\u00a0mundo rural, que est\u00e1 em permanente mudan\u00e7a, vinculando essa forma\u00e7\u00e3o ao mercado\u00a0de\u00a0trabalho, informando e orientando profissionais sempre centrados numa ocupa\u00e7\u00e3o, adequando-os ao n\u00edvel tecnol\u00f3gico exigido para a ocupa\u00e7\u00e3o, viabilizando a gera\u00e7\u00e3o de ganhos e o aumento\u00a0da\u00a0produtividade no trabalho.<\/p>\n<h3><strong>Valores<\/strong><\/h3>\n<ul>\n<li style=\"font-weight: 400;\">\u00c9tica<\/li>\n<li style=\"font-weight: 400;\">Sustentabilidade<\/li>\n<li style=\"font-weight: 400;\">Comprometimento<\/li>\n<li style=\"font-weight: 400;\">Responsabilidade Social<\/li>\n<li style=\"font-weight: 400;\">Transpar\u00eancia<\/li>\n<li style=\"font-weight: 400;\">Inova\u00e7\u00e3o<\/li>\n<\/ul>\n<h3 align=\"justify\"><strong>Metodologia<\/strong><\/h3>\n<\/div>\n<div align=\"justify\">\n<p>A Metodologia de ensino do SENAR baseia-se em tr\u00eas princ\u00edpios b\u00e1sicos:<\/p>\n<blockquote>\n<ul>\n<li><span style=\"font-family: Verdana, Arial, Helvetica, sans-serif; font-size: small;\">O Ensinar a Fazer Fazendo<\/span><\/li>\n<li><span style=\"font-family: Verdana, Arial, Helvetica, sans-serif; font-size: small;\">O Aprender a Fazer Fazendo<\/span><\/li>\n<li><span style=\"font-family: Verdana, Arial, Helvetica, sans-serif; font-size: small;\">A Constru\u00e7\u00e3o de um novo Conhecimento<\/span><\/li>\n<\/ul>\n<\/blockquote>\n<p><span style=\"font-family: Verdana, Arial, Helvetica, sans-serif; font-size: small;\">Os dois primeiros exprimem o car\u00e1ter pr\u00e1tico das a\u00e7\u00f5es e atividades, onde o evento transforma-se numa seq\u00fc\u00eancia de demonstra\u00e7\u00f5es planejadas.<\/span><\/p>\n<p>O \u00faltimo exprime a ess\u00eancia do M\u00c9TODO PARTICIPATIVO, onde o ensino \u00e9 centrado na participa\u00e7\u00e3o ativa de quem aprende. A aprendizagem realiza-se mediante a a\u00e7\u00e3o do educando.<\/p>\n<p>O di\u00e1logo permeia todo o processo, no qual educador e educando estabelecem comunica\u00e7\u00e3o horizontal, sem predom\u00ednio do saber de um sobre o do outro. Os saberes diferenciados n\u00e3o s\u00e3o tidos como concorrentes ou excludentes, mas complementares.<\/p>\n<p>Usando lavouras, pastagens e instala\u00e7\u00f5es rurais como sala de aula, o SENAR utiliza basicamente as t\u00e9cnicas instrucionais Exposi\u00e7\u00e3o Dinamizada e Demonstra\u00e7\u00e3o, onde a demonstra\u00e7\u00e3o com a repeti\u00e7\u00e3o pelos treinandos constitui o arcabou\u00e7o principal do processo ensino-aprendizagem.<\/p>\n<\/div>\n<div class=\"mceTemp\"><\/div>\n<p style=\"text-align: justify;\">\n<p><span style=\"font-family: arial, sans-serif;\"><span lang=\"PT\">\u00a0<\/span><\/span><\/p>\n","protected":false},"excerpt":{"rendered":"<p>O que \u00e9 o SENAR O Servi\u00e7o Nacional de Aprendizagem Rural \u2013 SENAR-AR\/CE, \u00e9 uma entidade de direito privado, paraestatal e integrante do chamado \u201cSistema S\u201d, desenvolvendo fun\u00e7\u00e3o p\u00fablica ao lado do Estado. Foi criado pelo Conselho Deliberativo do SENAR Administra\u00e7\u00e3o Central, por meio da Portaria n.005\/1994, estando vinculado \u00e0 Federa\u00e7\u00e3o da Agricultura e Pecu\u00e1ria [&hellip;]<\/p>\n","protected":false},"author":1,"featured_media":0,"parent":0,"menu_order":0,"comment_status":"closed","ping_status":"closed","template":"","meta":{"footnotes":""},"class_list":["post-201","page","type-page","status-publish","czr-hentry"],"_links":{"self":[{"href":"https:\/\/faec.org.br\/senar\/wp-json\/wp\/v2\/pages\/201","targetHints":{"allow":["GET"]}}],"collection":[{"href":"https:\/\/faec.org.br\/senar\/wp-json\/wp\/v2\/pages"}],"about":[{"href":"https:\/\/faec.org.br\/senar\/wp-json\/wp\/v2\/types\/page"}],"author":[{"embeddable":true,"href":"https:\/\/faec.org.br\/senar\/wp-json\/wp\/v2\/users\/1"}],"replies":[{"embeddable":true,"href":"https:\/\/faec.org.br\/senar\/wp-json\/wp\/v2\/comments?post=201"}],"version-history":[{"count":7,"href":"https:\/\/faec.org.br\/senar\/wp-json\/wp\/v2\/pages\/201\/revisions"}],"predecessor-version":[{"id":17072,"href":"https:\/\/faec.org.br\/senar\/wp-json\/wp\/v2\/pages\/201\/revisions\/17072"}],"wp:attachment":[{"href":"https:\/\/faec.org.br\/senar\/wp-json\/wp\/v2\/media?parent=201"}],"curies":[{"name":"wp","href":"https:\/\/api.w.org\/{rel}","templated":true}]}}

<div align="left">
<h3><strong>O que é o SENAR</strong></h3>
<p style="text-align: justify;">O Serviço Nacional de Aprendizagem Rural – SENAR-AR/CE, é uma entidade de direito privado, paraestatal e integrante do chamado “Sistema S”, desenvolvendo função pública ao lado do Estado. Foi criado pelo Conselho Deliberativo do SENAR Administração Central, por meio da Portaria n.005/1994, estando vinculado à Federação da Agricultura e Pecuária do Ceará – FAEC. O SENAR-AR/CE tem por objetivo organizar, executar e administrar ações de ensino da Formação Profissional Rural (FPR); da Promoção Social (PS); e de Programas e Projetos Especiais (PPE), para profissionais e trabalhadores da atividade rural no Estado do Ceará. Acrescentam-se, ainda, as ações de Educação Formal (EFO) presencial, semipresencial e à distância (EaD), Assistência Técnica e Gerencial (ATEG) nas áreas de agricultura, pecuária, silvicultura, aquicultura, agroindústria, sistemas integrados de produção, sendo todas as ações ofertadas de forma gratuita. Há 30 anos cumpre com a sua missão de trabalho, disponibilizando ao público alvo uma oferta educativa variada, a partir das quais são desenvolvidas competências profissionais, que contribuem para o avanço socioeconômico das pessoas do meio rural cearense.</p>
<h3 align="justify"><strong>Missão</strong></h3>
<p style="font-weight: 400;">Realizar a Educação Profissional, a Assistência Técnica e Gerencial, às atividades de Promoção Social, contribuindo para um cenário de crescente desenvolvimento da produção sustentável, da competitividade e de avanços sociais no campo.</p>
<h3><strong>Visão de Futuro</strong></h3>
<p>Ser referência em educação profissional rural na disseminação de metodologias comprometidas com a sustentabilidade, ações desenvolvidas através de processo educativo e democrático, um instrumento capaz de atender às demandas do mundo rural, que está em permanente mudança, vinculando essa formação ao mercado de trabalho, informando e orientando profissionais sempre centrados numa ocupação, adequando-os ao nível tecnológico exigido para a ocupação, viabilizando a geração de ganhos e o aumento da produtividade no trabalho.</p>
<h3><strong>Valores</strong></h3>
<ul>
<li style="font-weight: 400;">Ética</li>
<li style="font-weight: 400;">Sustentabilidade</li>
<li style="font-weight: 400;">Comprometimento</li>
<li style="font-weight: 400;">Responsabilidade Social</li>
<li style="font-weight: 400;">Transparência</li>
<li style="font-weight: 400;">Inovação</li>
</ul>
<h3 align="justify"><strong>Metodologia</strong></h3>
</div>
<div align="justify">
<p>A Metodologia de ensino do SENAR baseia-se em três princípios básicos:</p>
<blockquote>
<ul>
<li><span style="font-family: Verdana, Arial, Helvetica, sans-serif; font-size: small;">O Ensinar a Fazer Fazendo</span></li>
<li><span style="font-family: Verdana, Arial, Helvetica, sans-serif; font-size: small;">O Aprender a Fazer Fazendo</span></li>
<li><span style="font-family: Verdana, Arial, Helvetica, sans-serif; font-size: small;">A Construção de um novo Conhecimento</span></li>
</ul>
</blockquote>
<p><span style="font-family: Verdana, Arial, Helvetica, sans-serif; font-size: small;">Os dois primeiros exprimem o caráter prático das ações e atividades, onde o evento transforma-se numa seqüência de demonstrações planejadas.</span></p>
<p>O último exprime a essência do MÉTODO PARTICIPATIVO, onde o ensino é centrado na participação ativa de quem aprende. A aprendizagem realiza-se mediante a ação do educando.</p>
<p>O diálogo permeia todo o processo, no qual educador e educando estabelecem comunicação horizontal, sem predomínio do saber de um sobre o do outro. Os saberes diferenciados não são tidos como concorrentes ou excludentes, mas complementares.</p>
<p>Usando lavouras, pastagens e instalações rurais como sala de aula, o SENAR utiliza basicamente as técnicas instrucionais Exposição Dinamizada e Demonstração, onde a demonstração com a repetição pelos treinandos constitui o arcabouço principal do processo ensino-aprendizagem.</p>
</div>
<div class="mceTemp"></div>
<p style="text-align: justify;">
<p><span style="font-family: arial, sans-serif;"><span lang="PT"> </span></span></p>

<p>O que é o SENAR O Serviço Nacional de Aprendizagem Rural – SENAR-AR/CE, é uma entidade de direito privado, paraestatal e integrante do chamado “Sistema S”, desenvolvendo função pública ao lado do Estado. Foi criado pelo Conselho Deliberativo do SENAR Administração Central, por meio da Portaria n.005/1994, estando vinculado à Federação da Agricultura e Pecuária [&hellip;]</p>
