{"id":18392,"date":"2026-04-07T08:00:55","date_gmt":"2026-04-07T11:00:55","guid":{"rendered":"https:\/\/faec.org.br\/senar\/?page_id=18392"},"modified":"2026-04-07T08:04:27","modified_gmt":"2026-04-07T11:04:27","slug":"processo-seletivo-da-rede-e-tec-2026-2","status":"publish","type":"page","link":"https:\/\/faec.org.br\/senar\/processo-seletivo-da-rede-e-tec-2026-2\/","title":{"rendered":"Processo Seletivo da Rede e-Tec 2026.2"},"content":{"rendered":"<p><a href=\"https:\/\/etec.senar.org.br\/\"><img loading=\"lazy\" decoding=\"async\" class=\"size-full wp-image-18393 aligncenter\" src=\"http:\/\/faec.org.br\/senar\/wp-content\/uploads\/2026\/04\/unnamed.png\" alt=\"\" width=\"700\" height=\"400\" srcset=\"https:\/\/faec.org.br\/senar\/wp-content\/uploads\/2026\/04\/unnamed.png 700w, https:\/\/faec.org.br\/senar\/wp-content\/uploads\/2026\/04\/unnamed-300x171.png 300w, https:\/\/faec.org.br\/senar\/wp-content\/uploads\/2026\/04\/unnamed-24x14.png 24w, https:\/\/faec.org.br\/senar\/wp-content\/uploads\/2026\/04\/unnamed-36x21.png 36w, https:\/\/faec.org.br\/senar\/wp-content\/uploads\/2026\/04\/unnamed-48x27.png 48w\" sizes=\"auto, (max-width: 700px) 100vw, 700px\" \/><\/a><\/p>\n<table role=\"presentation\" border=\"0\" width=\"100%\" cellspacing=\"0\" cellpadding=\"0\">\n<tbody>\n<tr>\n<td align=\"left\">\n<div>\n<div style=\"text-align: center;\">As inscri\u00e7\u00f5es j\u00e1 est\u00e3o abertas!<\/div>\n<div style=\"text-align: center;\"><b>Fa\u00e7a o Processo Seletivo<br \/>\nSenar e-Tec 2026.2<\/b><\/div>\n<div><\/div>\n<\/div>\n<\/td>\n<\/tr>\n<tr>\n<td align=\"center\">\n<table role=\"presentation\" border=\"0\" cellspacing=\"0\" cellpadding=\"0\">\n<tbody>\n<tr>\n<td role=\"presentation\" align=\"center\" valign=\"middle\" bgcolor=\"#62dd6b\"><a href=\"https:\/\/etec.senar.org.br\/\" target=\"_blank\" rel=\"noopener\" data-saferedirecturl=\"https:\/\/www.google.com\/url?q=https:\/\/senlink.senar.org.br\/cl\/PWqEZ\/CDQt\/5064\/BJYUW4vSiRq\/BKIS\/Lzm7yc4d5IT\/2\/&amp;source=gmail&amp;ust=1775645567423000&amp;usg=AOvVaw0VMNlD1hqXUvIxCwcnF2ad\"><span style=\"color: #024000;\"><b>Inscreva-se agora<\/b><\/span><\/a><\/td>\n<\/tr>\n<\/tbody>\n<\/table>\n<\/td>\n<\/tr>\n<\/tbody>\n<\/table>\n","protected":false},"excerpt":{"rendered":"<p>As inscri\u00e7\u00f5es j\u00e1 est\u00e3o abertas! Fa\u00e7a o Processo Seletivo Senar e-Tec 2026.2 Inscreva-se agora<\/p>\n","protected":false},"author":1,"featured_media":0,"parent":0,"menu_order":0,"comment_status":"closed","ping_status":"closed","template":"","meta":{"footnotes":""},"class_list":["post-18392","page","type-page","status-publish","czr-hentry"],"_links":{"self":[{"href":"https:\/\/faec.org.br\/senar\/wp-json\/wp\/v2\/pages\/18392","targetHints":{"allow":["GET"]}}],"collection":[{"href":"https:\/\/faec.org.br\/senar\/wp-json\/wp\/v2\/pages"}],"about":[{"href":"https:\/\/faec.org.br\/senar\/wp-json\/wp\/v2\/types\/page"}],"author":[{"embeddable":true,"href":"https:\/\/faec.org.br\/senar\/wp-json\/wp\/v2\/users\/1"}],"replies":[{"embeddable":true,"href":"https:\/\/faec.org.br\/senar\/wp-json\/wp\/v2\/comments?post=18392"}],"version-history":[{"count":3,"href":"https:\/\/faec.org.br\/senar\/wp-json\/wp\/v2\/pages\/18392\/revisions"}],"predecessor-version":[{"id":18398,"href":"https:\/\/faec.org.br\/senar\/wp-json\/wp\/v2\/pages\/18392\/revisions\/18398"}],"wp:attachment":[{"href":"https:\/\/faec.org.br\/senar\/wp-json\/wp\/v2\/media?parent=18392"}],"curies":[{"name":"wp","href":"https:\/\/api.w.org\/{rel}","templated":true}]}}