{"id":17681,"date":"2025-05-21T16:06:49","date_gmt":"2025-05-21T19:06:49","guid":{"rendered":"https:\/\/faec.org.br\/senar\/?page_id=17681"},"modified":"2026-03-30T14:24:56","modified_gmt":"2026-03-30T17:24:56","slug":"credenciamento-programa-saude-no-campo","status":"publish","type":"page","link":"https:\/\/faec.org.br\/senar\/credenciamento-programa-saude-no-campo\/","title":{"rendered":"Credenciamento &#8211; Programa Sa\u00fade no Campo"},"content":{"rendered":"<ul>\n<li class=\"last-child\"><strong><a href=\"http:\/\/faec.org.br\/senar\/wp-content\/uploads\/2025\/05\/Edital-Atual.pdf\">EDITAL DE CREDENCIAMENTO No 001\/2025 &#8211; PROGRAMA SA\u00daDE NO CAMPO<\/a><\/strong><\/li>\n<li><a href=\"http:\/\/faec.org.br\/senar\/wp-content\/uploads\/2025\/05\/Portaria-de-Valores-PROGRAMA-SAUDE-NO-CAMPO.pdf\"><strong><span class=\"media-list-title\">Portaria de Valores &#8211; PROGRAMA SA\u00daDE NO CAMPO<\/span><\/strong><\/a><\/li>\n<li><strong><a href=\"http:\/\/faec.org.br\/senar\/wp-content\/uploads\/2026\/02\/Programa-Saude-no-Campo-Modulo-de-Atuacao.pdf\">Programa Sa\u00fade no Campo \u2013 M\u00f3dulo de Atua\u00e7\u00e3o<\/a><\/strong><\/li>\n<li><strong><a href=\"http:\/\/faec.org.br\/senar\/wp-content\/uploads\/2026\/03\/Comunicado-PUBLICACAO-2C79C6EAF5-_-Ping.pdf\">COMUNICADO &#8211; PROGRAMA SA\u00daDE NO CAMPO<\/a><\/strong><\/li>\n<\/ul>\n","protected":false},"excerpt":{"rendered":"<p>EDITAL DE CREDENCIAMENTO No 001\/2025 &#8211; PROGRAMA SA\u00daDE NO CAMPO Portaria de Valores &#8211; PROGRAMA SA\u00daDE NO CAMPO Programa Sa\u00fade no Campo \u2013 M\u00f3dulo de Atua\u00e7\u00e3o COMUNICADO &#8211; PROGRAMA SA\u00daDE NO CAMPO<\/p>\n","protected":false},"author":1,"featured_media":0,"parent":0,"menu_order":0,"comment_status":"closed","ping_status":"closed","template":"","meta":{"footnotes":""},"class_list":["post-17681","page","type-page","status-publish","czr-hentry"],"_links":{"self":[{"href":"https:\/\/faec.org.br\/senar\/wp-json\/wp\/v2\/pages\/17681","targetHints":{"allow":["GET"]}}],"collection":[{"href":"https:\/\/faec.org.br\/senar\/wp-json\/wp\/v2\/pages"}],"about":[{"href":"https:\/\/faec.org.br\/senar\/wp-json\/wp\/v2\/types\/page"}],"author":[{"embeddable":true,"href":"https:\/\/faec.org.br\/senar\/wp-json\/wp\/v2\/users\/1"}],"replies":[{"embeddable":true,"href":"https:\/\/faec.org.br\/senar\/wp-json\/wp\/v2\/comments?post=17681"}],"version-history":[{"count":6,"href":"https:\/\/faec.org.br\/senar\/wp-json\/wp\/v2\/pages\/17681\/revisions"}],"predecessor-version":[{"id":18389,"href":"https:\/\/faec.org.br\/senar\/wp-json\/wp\/v2\/pages\/17681\/revisions\/18389"}],"wp:attachment":[{"href":"https:\/\/faec.org.br\/senar\/wp-json\/wp\/v2\/media?parent=17681"}],"curies":[{"name":"wp","href":"https:\/\/api.w.org\/{rel}","templated":true}]}}

Credenciamento &#8211; Programa Saúde no Campo

<ul>
<li class="last-child"><strong><a href="http://faec.org.br/senar/wp-content/uploads/2025/05/Edital-Atual.pdf">EDITAL DE CREDENCIAMENTO No 001/2025 &#8211; PROGRAMA SAÚDE NO CAMPO</a></strong></li>
<li><a href="http://faec.org.br/senar/wp-content/uploads/2025/05/Portaria-de-Valores-PROGRAMA-SAUDE-NO-CAMPO.pdf"><strong><span class="media-list-title">Portaria de Valores &#8211; PROGRAMA SAÚDE NO CAMPO</span></strong></a></li>
<li><strong><a href="http://faec.org.br/senar/wp-content/uploads/2026/02/Programa-Saude-no-Campo-Modulo-de-Atuacao.pdf">Programa Saúde no Campo – Módulo de Atuação</a></strong></li>
<li><strong><a href="http://faec.org.br/senar/wp-content/uploads/2026/03/Comunicado-PUBLICACAO-2C79C6EAF5-_-Ping.pdf">COMUNICADO &#8211; PROGRAMA SAÚDE NO CAMPO</a></strong></li>
</ul>

<p>EDITAL DE CREDENCIAMENTO No 001/2025 &#8211; PROGRAMA SAÚDE NO CAMPO Portaria de Valores &#8211; PROGRAMA SAÚDE NO CAMPO Programa Saúde no Campo – Módulo de Atuação COMUNICADO &#8211; PROGRAMA SAÚDE NO CAMPO</p>
