{"id":17488,"date":"2024-11-18T14:10:08","date_gmt":"2024-11-18T17:10:08","guid":{"rendered":"https:\/\/faec.org.br\/senar\/?page_id=17488"},"modified":"2026-02-02T11:19:50","modified_gmt":"2026-02-02T14:19:50","slug":"credenciamento-forrageiras","status":"publish","type":"page","link":"https:\/\/faec.org.br\/senar\/credenciamento-forrageiras\/","title":{"rendered":"Credenciamento \u2013 Forrageiras do Cear\u00e1"},"content":{"rendered":"<ul>\n<li class=\"last-child\"><strong><a href=\"http:\/\/faec.org.br\/senar\/wp-content\/uploads\/2025\/01\/Edital-FORRAGEIRAS-Ajustado-28-01-2025.pdf\">EDITAL DE CREDENCIAMENTO No 001\/2024<\/a><\/strong><\/li>\n<li><a href=\"http:\/\/faec.org.br\/senar\/wp-content\/uploads\/2025\/01\/Comunicado-AJUSTE-EDITAL-FORRAGEIRAS.pdf\"><strong><span class=\"media-list-title\">Comunicado AJUSTE EDITAL Projeto Acelera Cear\u00e1<\/span><\/strong><\/a><\/li>\n<li><strong><a href=\"http:\/\/faec.org.br\/senar\/wp-content\/uploads\/2024\/11\/Instrucao-Servico-014.2024-Valores-Projeto-Acelera-Ceara.pdf\">Instru\u00e7\u00e3o Servi\u00e7o 014.2024 &#8211; Valores Projeto Acelera Ceara<\/a><\/strong><\/li>\n<\/ul>\n<table class=\"unstyledTable\" style=\"height: 135px;\" width=\"450\">\n<tbody>\n<tr>\n<td><a href=\"https:\/\/app.meuping.io\/requirements\/new?proceedingTypeId=1a198950-0c42-48ee-813b-e55dd1924da3\" rel=\"attachment wp-att-17872\"><img loading=\"lazy\" decoding=\"async\" class=\"size-full wp-image-17872 aligncenter\" src=\"http:\/\/faec.org.br\/senar\/wp-content\/uploads\/2025\/10\/botao3.png\" alt=\"\" width=\"221\" height=\"111\" srcset=\"https:\/\/faec.org.br\/senar\/wp-content\/uploads\/2025\/10\/botao3.png 640w, https:\/\/faec.org.br\/senar\/wp-content\/uploads\/2025\/10\/botao3-300x150.png 300w, https:\/\/faec.org.br\/senar\/wp-content\/uploads\/2025\/10\/botao3-24x12.png 24w, https:\/\/faec.org.br\/senar\/wp-content\/uploads\/2025\/10\/botao3-36x18.png 36w, https:\/\/faec.org.br\/senar\/wp-content\/uploads\/2025\/10\/botao3-48x24.png 48w\" sizes=\"auto, (max-width: 221px) 100vw, 221px\" \/><\/a><\/td>\n<td><a href=\"https:\/\/app.meuping.io\/requirements\/new?proceedingTypeId=f8edb91a-5a1c-461e-9ecc-68987595fb23\" rel=\"attachment wp-att-17871\"><img loading=\"lazy\" decoding=\"async\" class=\"size-full wp-image-17871 alignleft\" src=\"http:\/\/faec.org.br\/senar\/wp-content\/uploads\/2025\/10\/botao4.png\" alt=\"\" width=\"221\" height=\"111\" srcset=\"https:\/\/faec.org.br\/senar\/wp-content\/uploads\/2025\/10\/botao4.png 640w, https:\/\/faec.org.br\/senar\/wp-content\/uploads\/2025\/10\/botao4-300x150.png 300w, https:\/\/faec.org.br\/senar\/wp-content\/uploads\/2025\/10\/botao4-24x12.png 24w, https:\/\/faec.org.br\/senar\/wp-content\/uploads\/2025\/10\/botao4-36x18.png 36w, https:\/\/faec.org.br\/senar\/wp-content\/uploads\/2025\/10\/botao4-48x24.png 48w\" sizes=\"auto, (max-width: 221px) 100vw, 221px\" \/><\/a><\/td>\n<\/tr>\n<\/tbody>\n<\/table>\n","protected":false},"excerpt":{"rendered":"<p>EDITAL DE CREDENCIAMENTO No 001\/2024 Comunicado AJUSTE EDITAL Projeto Acelera Cear\u00e1 Instru\u00e7\u00e3o Servi\u00e7o 014.2024 &#8211; Valores Projeto Acelera Ceara<\/p>\n","protected":false},"author":1,"featured_media":0,"parent":0,"menu_order":0,"comment_status":"closed","ping_status":"closed","template":"","meta":{"footnotes":""},"class_list":["post-17488","page","type-page","status-publish","czr-hentry"],"_links":{"self":[{"href":"https:\/\/faec.org.br\/senar\/wp-json\/wp\/v2\/pages\/17488","targetHints":{"allow":["GET"]}}],"collection":[{"href":"https:\/\/faec.org.br\/senar\/wp-json\/wp\/v2\/pages"}],"about":[{"href":"https:\/\/faec.org.br\/senar\/wp-json\/wp\/v2\/types\/page"}],"author":[{"embeddable":true,"href":"https:\/\/faec.org.br\/senar\/wp-json\/wp\/v2\/users\/1"}],"replies":[{"embeddable":true,"href":"https:\/\/faec.org.br\/senar\/wp-json\/wp\/v2\/comments?post=17488"}],"version-history":[{"count":10,"href":"https:\/\/faec.org.br\/senar\/wp-json\/wp\/v2\/pages\/17488\/revisions"}],"predecessor-version":[{"id":18058,"href":"https:\/\/faec.org.br\/senar\/wp-json\/wp\/v2\/pages\/17488\/revisions\/18058"}],"wp:attachment":[{"href":"https:\/\/faec.org.br\/senar\/wp-json\/wp\/v2\/media?parent=17488"}],"curies":[{"name":"wp","href":"https:\/\/api.w.org\/{rel}","templated":true}]}}

Credenciamento – Forrageiras do Ceará

<ul>
<li class="last-child"><strong><a href="http://faec.org.br/senar/wp-content/uploads/2025/01/Edital-FORRAGEIRAS-Ajustado-28-01-2025.pdf">EDITAL DE CREDENCIAMENTO No 001/2024</a></strong></li>
<li><a href="http://faec.org.br/senar/wp-content/uploads/2025/01/Comunicado-AJUSTE-EDITAL-FORRAGEIRAS.pdf"><strong><span class="media-list-title">Comunicado AJUSTE EDITAL Projeto Acelera Ceará</span></strong></a></li>
<li><strong><a href="http://faec.org.br/senar/wp-content/uploads/2024/11/Instrucao-Servico-014.2024-Valores-Projeto-Acelera-Ceara.pdf">Instrução Serviço 014.2024 &#8211; Valores Projeto Acelera Ceara</a></strong></li>
</ul>
<table class="unstyledTable" style="height: 135px;" width="450">
<tbody>
<tr>
<td><a href="https://app.meuping.io/requirements/new?proceedingTypeId=1a198950-0c42-48ee-813b-e55dd1924da3" rel="attachment wp-att-17872"><img loading="lazy" decoding="async" class="size-full wp-image-17872 aligncenter" src="http://faec.org.br/senar/wp-content/uploads/2025/10/botao3.png" alt="" width="221" height="111" srcset="https://faec.org.br/senar/wp-content/uploads/2025/10/botao3.png 640w, https://faec.org.br/senar/wp-content/uploads/2025/10/botao3-300x150.png 300w, https://faec.org.br/senar/wp-content/uploads/2025/10/botao3-24x12.png 24w, https://faec.org.br/senar/wp-content/uploads/2025/10/botao3-36x18.png 36w, https://faec.org.br/senar/wp-content/uploads/2025/10/botao3-48x24.png 48w" sizes="auto, (max-width: 221px) 100vw, 221px" /></a></td>
<td><a href="https://app.meuping.io/requirements/new?proceedingTypeId=f8edb91a-5a1c-461e-9ecc-68987595fb23" rel="attachment wp-att-17871"><img loading="lazy" decoding="async" class="size-full wp-image-17871 alignleft" src="http://faec.org.br/senar/wp-content/uploads/2025/10/botao4.png" alt="" width="221" height="111" srcset="https://faec.org.br/senar/wp-content/uploads/2025/10/botao4.png 640w, https://faec.org.br/senar/wp-content/uploads/2025/10/botao4-300x150.png 300w, https://faec.org.br/senar/wp-content/uploads/2025/10/botao4-24x12.png 24w, https://faec.org.br/senar/wp-content/uploads/2025/10/botao4-36x18.png 36w, https://faec.org.br/senar/wp-content/uploads/2025/10/botao4-48x24.png 48w" sizes="auto, (max-width: 221px) 100vw, 221px" /></a></td>
</tr>
</tbody>
</table>

<p>EDITAL DE CREDENCIAMENTO No 001/2024 Comunicado AJUSTE EDITAL Projeto Acelera Ceará Instrução Serviço 014.2024 &#8211; Valores Projeto Acelera Ceara</p>
