{"id":17025,"date":"2024-01-30T10:13:42","date_gmt":"2024-01-30T13:13:42","guid":{"rendered":"https:\/\/faec.org.br\/senar\/?page_id=17025"},"modified":"2024-01-30T10:13:42","modified_gmt":"2024-01-30T13:13:42","slug":"programa-valores-humanos","status":"publish","type":"page","link":"https:\/\/faec.org.br\/senar\/programa-valores-humanos\/","title":{"rendered":"Programa Valores Humanos"},"content":{"rendered":"<p><a href=\"http:\/\/faec.org.br\/senar\/wp-content\/uploads\/2024\/01\/Formulario-de-Adesao-PVH-2024-atual.doc\">PROJETO VALORES HUMANOS &#8211; FORMUL\u00c1RIO DE ADES\u00c3O EDI\u00c7\u00c3O 2024<\/a><\/p>\n<p><iframe loading=\"lazy\" style=\"border: 1px solid black;\" src=\"https:\/\/faec.org.br\/senar\/wp-content\/uploads\/2024\/01\/Formulario-de-Adesao-PVH-2024-atual.pdf\" width=\"700\" height=\"900\"><span data-mce-type=\"bookmark\" style=\"display: inline-block; width: 0px; overflow: hidden; line-height: 0;\" class=\"mce_SELRES_start\">\ufeff<\/span><span data-mce-type=\"bookmark\" style=\"display: inline-block; width: 0px; overflow: hidden; line-height: 0;\" class=\"mce_SELRES_start\">\ufeff<\/span><span data-mce-type=\"bookmark\" style=\"display: inline-block; width: 0px; overflow: hidden; line-height: 0;\" class=\"mce_SELRES_start\">\ufeff<\/span><br \/>\n<\/iframe><\/p>\n","protected":false},"excerpt":{"rendered":"<p>PROJETO VALORES HUMANOS &#8211; FORMUL\u00c1RIO DE ADES\u00c3O EDI\u00c7\u00c3O 2024 \ufeff\ufeff\ufeff<\/p>\n","protected":false},"author":1,"featured_media":0,"parent":0,"menu_order":0,"comment_status":"closed","ping_status":"closed","template":"","meta":{"footnotes":""},"class_list":["post-17025","page","type-page","status-publish","czr-hentry"],"_links":{"self":[{"href":"https:\/\/faec.org.br\/senar\/wp-json\/wp\/v2\/pages\/17025","targetHints":{"allow":["GET"]}}],"collection":[{"href":"https:\/\/faec.org.br\/senar\/wp-json\/wp\/v2\/pages"}],"about":[{"href":"https:\/\/faec.org.br\/senar\/wp-json\/wp\/v2\/types\/page"}],"author":[{"embeddable":true,"href":"https:\/\/faec.org.br\/senar\/wp-json\/wp\/v2\/users\/1"}],"replies":[{"embeddable":true,"href":"https:\/\/faec.org.br\/senar\/wp-json\/wp\/v2\/comments?post=17025"}],"version-history":[{"count":1,"href":"https:\/\/faec.org.br\/senar\/wp-json\/wp\/v2\/pages\/17025\/revisions"}],"predecessor-version":[{"id":17028,"href":"https:\/\/faec.org.br\/senar\/wp-json\/wp\/v2\/pages\/17025\/revisions\/17028"}],"wp:attachment":[{"href":"https:\/\/faec.org.br\/senar\/wp-json\/wp\/v2\/media?parent=17025"}],"curies":[{"name":"wp","href":"https:\/\/api.w.org\/{rel}","templated":true}]}}