{"id":15942,"date":"2017-08-21T14:08:08","date_gmt":"2017-08-21T17:08:08","guid":{"rendered":"http:\/\/senarce.org.br\/novo\/?page_id=5995"},"modified":"2026-02-02T15:00:07","modified_gmt":"2026-02-02T18:00:07","slug":"normativos","status":"publish","type":"page","link":"https:\/\/faec.org.br\/senar\/normativos\/","title":{"rendered":"Normativos"},"content":{"rendered":"<div class=\"gmail_default\"><\/div>\n<div class=\"gmail_default\">\n<p>\u200b<\/p>\n<table border=\"1\" cellspacing=\"0\" cellpadding=\"0\">\n<tbody>\n<tr>\n<td valign=\"top\" width=\"317\">\n<p align=\"center\"><b>Norma da UJ<\/b><\/p>\n<\/td>\n<td valign=\"top\" width=\"268\">\n<p align=\"center\"><b>Endere\u00e7o para acesso<\/b><\/p>\n<\/td>\n<\/tr>\n<tr>\n<td valign=\"top\" width=\"317\">Lei n. 8.315\/1991 \u2013 Lei de cria\u00e7\u00e3o do SENAR<\/td>\n<td valign=\"top\" width=\"268\">\n<ul>\n<li><a href=\"http:\/\/legislacao.planalto.gov.br\/legisla\/legislacao.nsf\/Viw_Identificacao\/lei%208.315-1991?OpenDocument\">Lei de cria\u00e7\u00e3o do Servi\u00e7o Nacional de Aprendizagem Rural &#8211; SENAR<\/a><\/li>\n<\/ul>\n<\/td>\n<\/tr>\n<tr>\n<td valign=\"top\" width=\"317\">Portaria n\u00ba 005\/1994 \u2013 Cria o SENAR-AR\/CE<\/td>\n<td valign=\"top\" width=\"268\">\n<ul>\n<li><a href=\"https:\/\/faec.org.br\/senar\/wp-content\/uploads\/2026\/02\/5.-Portaria-005_04.04.1994_CRIA_SENARCE.jpg\">Portaria n\u00ba 005\/1994 \u2013 Cria o SENAR-AR\/CE<\/a><\/li>\n<\/ul>\n<\/td>\n<\/tr>\n<tr>\n<td valign=\"top\" width=\"317\">Regimento Interno do SENAR-AR\/CE<\/td>\n<td valign=\"top\" width=\"268\">\n<ul>\n<li><a href=\"http:\/\/faec.org.br\/senar\/wp-content\/uploads\/2026\/02\/8.-RegimentoInterno-Resol.-004.2023-ltima-modf.pdf\">Regimento Interno do SENAR-AR\/CE <\/a><\/li>\n<\/ul>\n<\/td>\n<\/tr>\n<tr>\n<td valign=\"top\" width=\"317\">Regulamento de Licita\u00e7\u00f5es e Contratos do SENAR<\/td>\n<td valign=\"top\" width=\"268\">\n<ul>\n<li><a href=\"http:\/\/faec.org.br\/senar\/wp-content\/uploads\/2024\/05\/Regulamento-Licitacoes-Contratos-resol-030.2024.pdf\">Regulamento de Licita\u00e7\u00f5es e Contratos do SENAR<\/a><\/li>\n<\/ul>\n<\/td>\n<\/tr>\n<tr>\n<td valign=\"top\" width=\"317\">Regulamento para celebra\u00e7\u00e3o de Termos de Coopera\u00e7\u00e3o<\/td>\n<td valign=\"top\" width=\"268\">\n<ul>\n<li><a href=\"http:\/\/faec.org.br\/senar\/wp-content\/uploads\/2025\/01\/3.-NOVO-Regulamento-Termo-Cooperacao_Resolucao-no-37_2024_CD.pdf\">Regulamento dos Procedimentos para Celebra\u00e7\u00e3o de Termos de Coopera\u00e7\u00e3o<\/a><\/li>\n<\/ul>\n<\/td>\n<\/tr>\n<tr>\n<td valign=\"top\" width=\"317\">C\u00f3digo de Conduta<\/td>\n<td valign=\"top\" width=\"268\">\n<ul>\n<li><a href=\"http:\/\/faec.org.br\/senar\/wp-content\/uploads\/2023\/10\/CODIGO-DE-CONDUTA.pdf\">C\u00f3digo de Conduta<\/a><\/li>\n<\/ul>\n<\/td>\n<\/tr>\n<tr>\n<td valign=\"top\" width=\"317\">Planejamento Estrat\u00e9gico<\/td>\n<td valign=\"top\" width=\"268\">\n<ul>\n<li><a href=\"http:\/\/faec.org.br\/senar\/wp-content\/uploads\/2024\/06\/PLANEJAMENTO-ESTRATEGICO.pdf\">Planejamento Estrat\u00e9gico<\/a><\/li>\n<\/ul>\n<\/td>\n<\/tr>\n<tr>\n<td valign=\"top\" width=\"317\">Regulamento do Plano de Contas e de Padroniza\u00e7\u00e3o dos Registros Cont\u00e1beis e Or\u00e7ament\u00e1rios do SENAR<\/td>\n<td valign=\"top\" width=\"268\">\n<ul>\n<li><a href=\"http:\/\/faec.org.br\/senar\/wp-content\/uploads\/2025\/01\/6.-NOVO-Regulamento-Plano-Contas_Resolucao-no-38_2024_CD.pdf\">Regulamento do Plano de Contas e de Padroniza\u00e7\u00e3o dos Registros Cont\u00e1beis e Or\u00e7ament\u00e1rio do SENAR<\/a><\/li>\n<\/ul>\n<\/td>\n<\/tr>\n<tr>\n<td valign=\"top\" width=\"317\">Regulamento de Di\u00e1rias<\/td>\n<td valign=\"top\" width=\"268\">\n<ul>\n<li><a href=\"http:\/\/faec.org.br\/senar\/wp-content\/uploads\/2025\/01\/4.-Regulamento_Diarias_SENAR_2007.pdf\">Regulamento de Di\u00e1rias <\/a><\/li>\n<\/ul>\n<\/td>\n<\/tr>\n<\/tbody>\n<\/table>\n<\/div>\n","protected":false},"excerpt":{"rendered":"<p>\u200b Norma da UJ Endere\u00e7o para acesso Lei n. 8.315\/1991 \u2013 Lei de cria\u00e7\u00e3o do SENAR Lei de cria\u00e7\u00e3o do Servi\u00e7o Nacional de Aprendizagem Rural &#8211; SENAR Portaria n\u00ba 005\/1994 \u2013 Cria o SENAR-AR\/CE Portaria n\u00ba 005\/1994 \u2013 Cria o SENAR-AR\/CE Regimento Interno do SENAR-AR\/CE Regimento Interno do SENAR-AR\/CE Regulamento de Licita\u00e7\u00f5es e Contratos do [&hellip;]<\/p>\n","protected":false},"author":1,"featured_media":0,"parent":0,"menu_order":0,"comment_status":"closed","ping_status":"closed","template":"","meta":{"footnotes":""},"class_list":["post-15942","page","type-page","status-publish","czr-hentry"],"_links":{"self":[{"href":"https:\/\/faec.org.br\/senar\/wp-json\/wp\/v2\/pages\/15942","targetHints":{"allow":["GET"]}}],"collection":[{"href":"https:\/\/faec.org.br\/senar\/wp-json\/wp\/v2\/pages"}],"about":[{"href":"https:\/\/faec.org.br\/senar\/wp-json\/wp\/v2\/types\/page"}],"author":[{"embeddable":true,"href":"https:\/\/faec.org.br\/senar\/wp-json\/wp\/v2\/users\/1"}],"replies":[{"embeddable":true,"href":"https:\/\/faec.org.br\/senar\/wp-json\/wp\/v2\/comments?post=15942"}],"version-history":[{"count":11,"href":"https:\/\/faec.org.br\/senar\/wp-json\/wp\/v2\/pages\/15942\/revisions"}],"predecessor-version":[{"id":18062,"href":"https:\/\/faec.org.br\/senar\/wp-json\/wp\/v2\/pages\/15942\/revisions\/18062"}],"wp:attachment":[{"href":"https:\/\/faec.org.br\/senar\/wp-json\/wp\/v2\/media?parent=15942"}],"curies":[{"name":"wp","href":"https:\/\/api.w.org\/{rel}","templated":true}]}}