{"id":15733,"date":"2022-03-22T13:50:38","date_gmt":"2022-03-22T16:50:38","guid":{"rendered":"http:\/\/faec.org.br\/senar\/?page_id=15733"},"modified":"2024-09-11T08:39:47","modified_gmt":"2024-09-11T11:39:47","slug":"webinar","status":"publish","type":"page","link":"https:\/\/faec.org.br\/senar\/webinar\/","title":{"rendered":"Webinar"},"content":{"rendered":"<p><a href=\"https:\/\/docs.google.com\/forms\/d\/e\/1FAIpQLSeyAnoAmhgBDwMtrlv1VPyKWCX3ol3HWZDgBm1hxj5ckY8hbQ\/viewform\"><img loading=\"lazy\" decoding=\"async\" class=\"size-full wp-image-12818 aligncenter\" src=\"http:\/\/faec.org.br\/senar\/wp-content\/uploads\/2020\/08\/botao-cursos-senar-1.png\" alt=\"\" width=\"300\" height=\"59\" \/><\/a><\/p>\n<p>&nbsp;<\/p>\n<h4 style=\"text-align: center;\"><strong>Observa\u00e7\u00e3o:Informamos que as declara\u00e7\u00f5es de participa\u00e7\u00e3o na Webinar estar\u00e3o dispon\u00edveis em at\u00e9 05 dias \u00fateis, ap\u00f3s a sua realiza\u00e7\u00e3o, atrav\u00e9s do link\u00a0<a href=\"http:\/\/faec.org.br\/senar\/certificados\/\">http:\/\/faec.org.br\/senar\/certificados\/<\/a><\/strong><\/h4>\n<p>&nbsp;<\/p>\n<p>&nbsp;<\/p>\n<p>&nbsp;<\/p>\n<table class=\"comicGreen\">\n<thead>\n<tr>\n<th style=\"text-align: center;\">TEMA DA WEBINAR<\/th>\n<th style=\"text-align: center;\">INSTRUTOR<\/th>\n<th style=\"text-align: center;\">DATA<\/th>\n<th style=\"text-align: center;\">HOR\u00c1RIO<\/th>\n<\/tr>\n<\/thead>\n<tbody>\n<tr>\n<td style=\"text-align: center;\"><strong>ETAPA I &#8211; FIV: An\u00e1lise do Manejo Reprodutivo<\/strong><\/td>\n<td style=\"text-align: center;\">\n<div class=\"gmail_default\">Josias W\u00e9ricles Lima Freitas, Engenheiro Agr\u00f4nomo e Analista S\u00eanior da \u00c1rea Animal &#8211; FAEC<\/div>\n<\/td>\n<td style=\"text-align: center;\">27\/02\/2024<\/td>\n<td style=\"text-align: center;\">15:00 as 17:00<\/td>\n<\/tr>\n<tr>\n<td style=\"text-align: center;\"><strong>Etapa II FIV &#8211; Transfer\u00eancia de Embri\u00f5es<\/strong><\/td>\n<td style=\"text-align: center;\">\n<p style=\"font-weight: 400;\">Raul Dantas &#8211; M\u00e9dico Veterin\u00e1rio<\/p>\n<\/td>\n<td style=\"text-align: center;\">14\/03\/2024<\/td>\n<td style=\"text-align: center;\">15:00 as 17:00<\/td>\n<\/tr>\n<tr>\n<td style=\"text-align: center;\"><strong>Etapa III &#8211; Diagn\u00f3stico de prenhez<\/strong><\/td>\n<td style=\"text-align: center;\">Raul Dantas &#8211; M\u00e9dico Veterin\u00e1rio<\/td>\n<td style=\"text-align: center;\">21\/03\/2024<\/td>\n<td style=\"text-align: center;\">15:00 as 17:00<\/td>\n<\/tr>\n<tr>\n<td style=\"text-align: center;\"><strong>Monitoramento de Pragas e Doen\u00e7as do cajueiro<\/strong><\/td>\n<td style=\"text-align: center;\">F\u00e1bio Jackson da Costa Vieira &#8211; Engenheiro Agr\u00f4nomo, MBA em Agroneg\u00f3cio<\/td>\n<td style=\"text-align: center;\">29\/04\/2024<\/td>\n<td style=\"text-align: center;\">15:00 as 17:00<\/td>\n<\/tr>\n<tr>\n<td style=\"text-align: center;\"><strong>Contribui\u00e7\u00e3o dos insumos biol\u00f3gicos<\/strong><\/td>\n<td style=\"text-align: center;\">Daniel Silveira &#8211;<\/p>\n<div>\n<div><span style=\"font-family: times new roman, serif;\">Engenheiro Agr\u00f4nomo, Doutor em Fitotecnia<br \/>\n<\/span><\/div>\n<\/div>\n<\/td>\n<td style=\"text-align: center;\">28\/05\/2024<\/td>\n<td style=\"text-align: center;\">15:00 as 17:00<\/td>\n<\/tr>\n<tr>\n<td style=\"text-align: center;\"><strong>CAMINHOS DO LEITE: dentro e fora da porteira<\/strong><\/td>\n<td style=\"text-align: center;\">Evilla Kelly Rabelo da Silva<\/td>\n<td style=\"text-align: center;\">28\/06\/2024<\/td>\n<td style=\"text-align: center;\">15:00 as 17:00<\/td>\n<\/tr>\n<tr>\n<td style=\"text-align: center;\"><strong>Rastreabilidade Vegetal: do controle de campo \u00e0 valoriza\u00e7\u00e3o da origem<\/strong><\/td>\n<td style=\"text-align: center;\">Lucas Ferreira &#8211; Engenheiro Agr\u00f4nomo<\/td>\n<td style=\"text-align: center;\">23\/07\/2024<\/td>\n<td style=\"text-align: center;\">15:00 as 17:00<\/td>\n<\/tr>\n<tr>\n<td style=\"text-align: center;\"><strong>Rastreabilidade Vegetal Para Produtores: Implementa\u00e7\u00e3o Do Plantio \u00c0 Venda.<\/strong><\/td>\n<td style=\"text-align: center;\">Lucas Ferreira &#8211; Engenheiro Agr\u00f4nomo<\/td>\n<td style=\"text-align: center;\">14\/08\/2024<\/td>\n<td style=\"text-align: center;\">15:00 as 17:00<\/td>\n<\/tr>\n<tr>\n<td style=\"text-align: center;\"><strong>Tirando d\u00favidas sobre o ITR &#8211; Imposto Territorial Rural\u00a0<\/strong><\/td>\n<td style=\"text-align: center;\">\n<div class=\"gmail_default\">Jucileide\u00a0<wbr \/>Nogueira &#8211; Contadora, Mestranda em Contabilidade Tribut\u00e1ria e Consultora do Sistema FAEC\/SENAR<\/div>\n<\/td>\n<td style=\"text-align: center;\">18\/09\/2024<\/td>\n<td style=\"text-align: center;\">15:00 as 17:00<\/td>\n<\/tr>\n<\/tbody>\n<\/table>\n","protected":false},"excerpt":{"rendered":"<p>&nbsp; Observa\u00e7\u00e3o:Informamos que as declara\u00e7\u00f5es de participa\u00e7\u00e3o na Webinar estar\u00e3o dispon\u00edveis em at\u00e9 05 dias \u00fateis, ap\u00f3s a sua realiza\u00e7\u00e3o, atrav\u00e9s do link\u00a0http:\/\/faec.org.br\/senar\/certificados\/ &nbsp; &nbsp; &nbsp; TEMA DA WEBINAR INSTRUTOR DATA HOR\u00c1RIO ETAPA I &#8211; FIV: An\u00e1lise do Manejo Reprodutivo Josias W\u00e9ricles Lima Freitas, Engenheiro Agr\u00f4nomo e Analista S\u00eanior da \u00c1rea Animal &#8211; FAEC 27\/02\/2024 [&hellip;]<\/p>\n","protected":false},"author":1,"featured_media":0,"parent":0,"menu_order":0,"comment_status":"closed","ping_status":"closed","template":"","meta":{"footnotes":""},"class_list":["post-15733","page","type-page","status-publish","czr-hentry"],"_links":{"self":[{"href":"https:\/\/faec.org.br\/senar\/wp-json\/wp\/v2\/pages\/15733","targetHints":{"allow":["GET"]}}],"collection":[{"href":"https:\/\/faec.org.br\/senar\/wp-json\/wp\/v2\/pages"}],"about":[{"href":"https:\/\/faec.org.br\/senar\/wp-json\/wp\/v2\/types\/page"}],"author":[{"embeddable":true,"href":"https:\/\/faec.org.br\/senar\/wp-json\/wp\/v2\/users\/1"}],"replies":[{"embeddable":true,"href":"https:\/\/faec.org.br\/senar\/wp-json\/wp\/v2\/comments?post=15733"}],"version-history":[{"count":20,"href":"https:\/\/faec.org.br\/senar\/wp-json\/wp\/v2\/pages\/15733\/revisions"}],"predecessor-version":[{"id":17399,"href":"https:\/\/faec.org.br\/senar\/wp-json\/wp\/v2\/pages\/15733\/revisions\/17399"}],"wp:attachment":[{"href":"https:\/\/faec.org.br\/senar\/wp-json\/wp\/v2\/media?parent=15733"}],"curies":[{"name":"wp","href":"https:\/\/api.w.org\/{rel}","templated":true}]}}