{"id":15705,"date":"2022-03-18T13:37:57","date_gmt":"2022-03-18T16:37:57","guid":{"rendered":"http:\/\/faec.org.br\/senar\/?page_id=15705"},"modified":"2026-02-11T11:16:33","modified_gmt":"2026-02-11T14:16:33","slug":"credenciamento","status":"publish","type":"page","link":"https:\/\/faec.org.br\/senar\/credenciamento\/","title":{"rendered":"Credenciamento"},"content":{"rendered":"<p>Atrav\u00e9s do credenciamento<span class=\"gmail_default\">\u00a0de empresas e profissionais<\/span>, buscamos a maior rede poss\u00edvel de prestadores de servi\u00e7os nas \u00e1reas de:<\/p>\n<ul>\n<li><b>Instrutoria<\/b><span class=\"gmail_default\"><b>:\u00a0<\/b>servi\u00e7os de instrutoria das a\u00e7\u00f5es de Forma\u00e7\u00e3o Profissional Rural &#8211; FPR e atividades da Promo\u00e7\u00e3o Social &#8211; PS.\u00a0<\/span><\/li>\n<li><strong>Tutoria:<\/strong>\u00a0<span class=\"gmail_default\">servi\u00e7os educacionais de Tutoria mediadora presencial no \u00e2mbito dos cursos t\u00e9cnicos na modalidade EAD da Rede e-Tec Brasil.\u00a0<\/span><\/li>\n<li><strong>Assist\u00eancia T\u00e9cnica e Gerencial (ATeG):<\/strong>\u00a0<span class=\"gmail_default\">servi\u00e7os de assist\u00eancia t\u00e9cnica e gerencial nos perfis de T\u00e9cnico de Campo ou Supervisor de Campo, nos mais diversos segmentos.\u00a0<\/span><\/li>\n<li><strong>Outras atividades:<\/strong>\u00a0<span class=\"gmail_default\">Presta\u00e7\u00e3o de servi\u00e7os de m\u00e9dicos urologistas.<\/span><\/li>\n<\/ul>\n<div class=\"gmail_default\"><strong>Como participar?<\/strong><\/div>\n<div class=\"gmail_default\"><\/div>\n<div class=\"gmail_default\">Acesse o\u00a0edital\u00a0do seu interesse e fique por dentro dos requisitos, prazos e procedimentos para se credenciar.<\/div>\n<div class=\"gmail_default\"><\/div>\n<div class=\"gmail_default\">\n<p><strong>Informa\u00e7\u00f5es importantes:<\/strong><\/p>\n<ul>\n<li>\n<div class=\"gmail_default\">O credenciamento se d\u00e1 por meio de Pessoa Jur\u00eddica. N\u00e3o contempla MEI.<\/div>\n<\/li>\n<li>\n<div class=\"gmail_default\">A inscri\u00e7\u00e3o e envio da documenta\u00e7\u00e3o se d\u00e1 por meio de sistema eletr\u00f4nico de documentos &#8211; PING. Veja o link para cadastro.<\/div>\n<\/li>\n<li>\n<div class=\"gmail_default\">O credenciamento n\u00e3o garante a contrata\u00e7\u00e3o autom\u00e1tica. As empresas credenciadas ser\u00e3o contatadas conforme a demanda e os crit\u00e9rios de rod\u00edzio.<\/div>\n<\/li>\n<li>A contrata\u00e7\u00e3o tem por base o Regulamento de Licita\u00e7\u00f5es e Contratos do SENAR.<\/li>\n<li>S\u00e3o ofertadas capacita\u00e7\u00f5es e treinamentos na metodologia SENAR.<\/li>\n<li>O valor pago pela presta\u00e7\u00e3o dos servi\u00e7os consta nas instru\u00e7\u00f5es de servi\u00e7o abaixo disponibilizadas<\/li>\n<\/ul>\n<div>D\u00favidas e informa\u00e7\u00f5es entrar em contato com a\u00a0<b>Comiss\u00e3o Geral de Credenciamento:\u00a0<\/b><\/div>\n<div><b>E-mail:\u00a0<a href=\"mailto:credenciamento@senarce.org.br\" target=\"_blank\" rel=\"noopener\">credenciamento@senarce.org.br<\/a><\/b><\/div>\n<div><b>Telefone: (85) 3535.8034 \/ 8043 \/ 8047<\/b><\/div>\n<div><strong>Cadastro no Sistema Ping: <a href=\"https:\/\/app.meuping.io\/signup?account=56e62225-e29a-46bc-b1c4-544205d80294\">https:\/\/app.meuping.io\/signup?account=56e62225-e29a-46bc-b1c4-544205d80294<\/a><\/strong><\/div>\n<div><\/div>\n<\/div>\n<ul>\n<li><strong><a href=\"https:\/\/faec.org.br\/senar\/credenciamento-programa-saude-no-campo\/\">Credenciamento &#8211; Programa Sa\u00fade no Campo<\/a><\/strong><\/li>\n<li><a href=\"https:\/\/faec.org.br\/senar\/credenciamento-forrageiras\/\"><strong>Credenciamento \u2013 Projeto Acelera Cear\u00e1<\/strong><\/a><\/li>\n<li><a href=\"https:\/\/faec.org.br\/senar\/credenciamento-assitencia-tecnica-e-gerencial-ateg\/\"><b>Credenciamento &#8211; Assist\u00eancia T\u00e9cnica e Gerencial &#8211; ATeG:<\/b><\/a><\/li>\n<li><a href=\"https:\/\/faec.org.br\/senar\/credenciamento-de-fpr-e-ps-instrutoria-tutoria-presencial\/\"><b>Credenciamento de FPR e PS &#8211; Instrutoria\/Tutoria Presencial:<\/b><\/a><\/li>\n<li><a href=\"https:\/\/faec.org.br\/senar\/credenciamento-de-medicos-urologistas-programa-saude-do-homem\/\"><b>Credenciamento de M\u00e9dicos Urologistas &#8211; Programa Sa\u00fade do Homem<\/b><\/a><\/li>\n<li><a href=\"https:\/\/faec.org.br\/senar\/4credenciamento-de-consultoria-tecnologica-novas-inscricoes-suspensas\/\"><b>Credenciamento de Consultoria Tecnol\u00f3gica &#8211; NOVAS INSCRI\u00c7\u00d5ES SUSPENSAS<\/b><\/a><\/li>\n<li><strong><a href=\"https:\/\/faec.org.br\/senar\/edital-de-credenciamento-no-002-2026-prestacao-de-servico-especializado-projeto-frutitec\/\">Credenciamento Presta\u00e7\u00e3o de Servi\u00e7o Especializado &#8211; Projeto Frutitec<\/a><\/strong><\/li>\n<\/ul>\n<div>\n<p>&nbsp;<\/p>\n<\/div>\n<p>&nbsp;<\/p>\n","protected":false},"excerpt":{"rendered":"<p>Atrav\u00e9s do credenciamento\u00a0de empresas e profissionais, buscamos a maior rede poss\u00edvel de prestadores de servi\u00e7os nas \u00e1reas de: Instrutoria:\u00a0servi\u00e7os de instrutoria das a\u00e7\u00f5es de Forma\u00e7\u00e3o Profissional Rural &#8211; FPR e atividades da Promo\u00e7\u00e3o Social &#8211; PS.\u00a0 Tutoria:\u00a0servi\u00e7os educacionais de Tutoria mediadora presencial no \u00e2mbito dos cursos t\u00e9cnicos na modalidade EAD da Rede e-Tec Brasil.\u00a0 Assist\u00eancia [&hellip;]<\/p>\n","protected":false},"author":1,"featured_media":0,"parent":0,"menu_order":0,"comment_status":"closed","ping_status":"closed","template":"","meta":{"footnotes":""},"class_list":["post-15705","page","type-page","status-publish","czr-hentry"],"_links":{"self":[{"href":"https:\/\/faec.org.br\/senar\/wp-json\/wp\/v2\/pages\/15705","targetHints":{"allow":["GET"]}}],"collection":[{"href":"https:\/\/faec.org.br\/senar\/wp-json\/wp\/v2\/pages"}],"about":[{"href":"https:\/\/faec.org.br\/senar\/wp-json\/wp\/v2\/types\/page"}],"author":[{"embeddable":true,"href":"https:\/\/faec.org.br\/senar\/wp-json\/wp\/v2\/users\/1"}],"replies":[{"embeddable":true,"href":"https:\/\/faec.org.br\/senar\/wp-json\/wp\/v2\/comments?post=15705"}],"version-history":[{"count":28,"href":"https:\/\/faec.org.br\/senar\/wp-json\/wp\/v2\/pages\/15705\/revisions"}],"predecessor-version":[{"id":18080,"href":"https:\/\/faec.org.br\/senar\/wp-json\/wp\/v2\/pages\/15705\/revisions\/18080"}],"wp:attachment":[{"href":"https:\/\/faec.org.br\/senar\/wp-json\/wp\/v2\/media?parent=15705"}],"curies":[{"name":"wp","href":"https:\/\/api.w.org\/{rel}","templated":true}]}}

<p>Através do credenciamento<span class="gmail_default"> de empresas e profissionais</span>, buscamos a maior rede possível de prestadores de serviços nas áreas de:</p>
<ul>
<li><b>Instrutoria</b><span class="gmail_default"><b>: </b>serviços de instrutoria das ações de Formação Profissional Rural &#8211; FPR e atividades da Promoção Social &#8211; PS. </span></li>
<li><strong>Tutoria:</strong> <span class="gmail_default">serviços educacionais de Tutoria mediadora presencial no âmbito dos cursos técnicos na modalidade EAD da Rede e-Tec Brasil. </span></li>
<li><strong>Assistência Técnica e Gerencial (ATeG):</strong> <span class="gmail_default">serviços de assistência técnica e gerencial nos perfis de Técnico de Campo ou Supervisor de Campo, nos mais diversos segmentos. </span></li>
<li><strong>Outras atividades:</strong> <span class="gmail_default">Prestação de serviços de médicos urologistas.</span></li>
</ul>
<div class="gmail_default"><strong>Como participar?</strong></div>
<div class="gmail_default"></div>
<div class="gmail_default">Acesse o edital do seu interesse e fique por dentro dos requisitos, prazos e procedimentos para se credenciar.</div>
<div class="gmail_default"></div>
<div class="gmail_default">
<p><strong>Informações importantes:</strong></p>
<ul>
<li>
<div class="gmail_default">O credenciamento se dá por meio de Pessoa Jurídica. Não contempla MEI.</div>
</li>
<li>
<div class="gmail_default">A inscrição e envio da documentação se dá por meio de sistema eletrônico de documentos &#8211; PING. Veja o link para cadastro.</div>
</li>
<li>
<div class="gmail_default">O credenciamento não garante a contratação automática. As empresas credenciadas serão contatadas conforme a demanda e os critérios de rodízio.</div>
</li>
<li>A contratação tem por base o Regulamento de Licitações e Contratos do SENAR.</li>
<li>São ofertadas capacitações e treinamentos na metodologia SENAR.</li>
<li>O valor pago pela prestação dos serviços consta nas instruções de serviço abaixo disponibilizadas</li>
</ul>
<div>Dúvidas e informações entrar em contato com a <b>Comissão Geral de Credenciamento: </b></div>
<div><b>E-mail: <a href="mailto:credenciamento@senarce.org.br" target="_blank" rel="noopener">credenciamento@senarce.org.br</a></b></div>
<div><b>Telefone: (85) 3535.8034 / 8043 / 8047</b></div>
<div><strong>Cadastro no Sistema Ping: <a href="https://app.meuping.io/signup?account=56e62225-e29a-46bc-b1c4-544205d80294">https://app.meuping.io/signup?account=56e62225-e29a-46bc-b1c4-544205d80294</a></strong></div>
<div></div>
</div>
<ul>
<li><strong><a href="https://faec.org.br/senar/credenciamento-programa-saude-no-campo/">Credenciamento &#8211; Programa Saúde no Campo</a></strong></li>
<li><a href="https://faec.org.br/senar/credenciamento-forrageiras/"><strong>Credenciamento – Projeto Acelera Ceará</strong></a></li>
<li><a href="https://faec.org.br/senar/credenciamento-assitencia-tecnica-e-gerencial-ateg/"><b>Credenciamento &#8211; Assistência Técnica e Gerencial &#8211; ATeG:</b></a></li>
<li><a href="https://faec.org.br/senar/credenciamento-de-fpr-e-ps-instrutoria-tutoria-presencial/"><b>Credenciamento de FPR e PS &#8211; Instrutoria/Tutoria Presencial:</b></a></li>
<li><a href="https://faec.org.br/senar/credenciamento-de-medicos-urologistas-programa-saude-do-homem/"><b>Credenciamento de Médicos Urologistas &#8211; Programa Saúde do Homem</b></a></li>
<li><a href="https://faec.org.br/senar/4credenciamento-de-consultoria-tecnologica-novas-inscricoes-suspensas/"><b>Credenciamento de Consultoria Tecnológica &#8211; NOVAS INSCRIÇÕES SUSPENSAS</b></a></li>
<li><strong><a href="https://faec.org.br/senar/edital-de-credenciamento-no-002-2026-prestacao-de-servico-especializado-projeto-frutitec/">Credenciamento Prestação de Serviço Especializado &#8211; Projeto Frutitec</a></strong></li>
</ul>
<div>
<p>&nbsp;</p>
</div>
<p>&nbsp;</p>

<p>Através do credenciamento de empresas e profissionais, buscamos a maior rede possível de prestadores de serviços nas áreas de: Instrutoria: serviços de instrutoria das ações de Formação Profissional Rural &#8211; FPR e atividades da Promoção Social &#8211; PS.  Tutoria: serviços educacionais de Tutoria mediadora presencial no âmbito dos cursos técnicos na modalidade EAD da Rede e-Tec Brasil.  Assistência [&hellip;]</p>
