{"id":9323,"date":"2019-03-01T08:51:46","date_gmt":"2019-03-01T11:51:46","guid":{"rendered":"http:\/\/senarce.org.br\/novo\/?page_id=9323"},"modified":"2019-03-01T08:51:46","modified_gmt":"2019-03-01T11:51:46","slug":"remuneracao-de-cargos-2018","status":"publish","type":"page","link":"http:\/\/faec.org.br\/senar\/remuneracao-de-cargos-2018\/","title":{"rendered":"Remunera\u00e7\u00e3o de Cargos 2018"},"content":{"rendered":"<table class=\"comicGreen\">\n<thead>\n<tr>\n<th>&nbsp;<\/th>\n<th><strong>REMUNERA\u00c7\u00c3O DOS CARGOS<\/strong><\/th>\n<th>&nbsp;<\/th>\n<\/tr>\n<\/thead>\n<tbody>\n<tr>\n<td style=\"text-align: center;\">Assistente<\/td>\n<td style=\"text-align: center;\">N\u00edvel I<\/td>\n<td style=\"text-align: center;\">De 1.369,69 a 1.790,64<\/td>\n<\/tr>\n<tr>\n<td style=\"text-align: center;\">Assistente<\/td>\n<td style=\"text-align: center;\">N\u00edvel II<\/td>\n<td style=\"text-align: center;\">De 1.849,07 a 2.417,36<\/td>\n<\/tr>\n<tr>\n<td style=\"text-align: center;\">Assistente<\/td>\n<td style=\"text-align: center;\">N\u00edvel III<\/td>\n<td style=\"text-align: center;\">De 2.496,24 a 3.263,44<\/td>\n<\/tr>\n<tr>\n<td style=\"text-align: center;\">Assistente<\/td>\n<td style=\"text-align: center;\">N\u00edvel IV<\/td>\n<td style=\"text-align: center;\">De 3.369,93 a 4.405,64<\/td>\n<\/tr>\n<tr>\n<td style=\"text-align: center;\">Analista<\/td>\n<td style=\"text-align: center;\">Junior<\/td>\n<td style=\"text-align: center;\">De 4.549,40 a 5.947,61<\/td>\n<\/tr>\n<tr>\n<td style=\"text-align: center;\">Analista<\/td>\n<td style=\"text-align: center;\">Pleno<\/td>\n<td style=\"text-align: center;\">De 6.141,70 a 8.029,27<\/td>\n<\/tr>\n<tr>\n<td style=\"text-align: center;\">Analista<\/td>\n<td style=\"text-align: center;\">S\u00eanior<\/td>\n<td style=\"text-align: center;\">De 8.291,30 a 10.839,52<\/td>\n<\/tr>\n<\/tbody>\n<\/table>\n<p>&nbsp;<\/p>\n<table class=\"comicGreen\">\n<thead>\n<tr>\n<th><strong>REMUNERA\u00c7\u00c3O \u2013 CARGOS DE CONFIAN\u00c7A<\/strong><\/th>\n<th>&nbsp;<\/th>\n<\/tr>\n<\/thead>\n<tbody>\n<tr>\n<td style=\"text-align: center;\">Superintendente<\/td>\n<td style=\"text-align: center;\">4.701,25<\/td>\n<\/tr>\n<\/tbody>\n<\/table>\n<p>&nbsp;<\/p>\n<table class=\"comicGreen\">\n<thead>\n<tr>\n<th><strong>REMUNERA\u00c7\u00c3O \u2013 CARGOS DE LIVRE PROVIMENTO<\/strong><\/th>\n<th>&nbsp;<\/th>\n<\/tr>\n<\/thead>\n<tbody>\n<tr>\n<td>Diretor T\u00e9cnico<\/td>\n<td>4.335,81<\/td>\n<\/tr>\n<tr>\n<td>Diretor Administrativo Financeiro<\/td>\n<td>4.335,81<\/td>\n<\/tr>\n<tr>\n<td>Assessor Jur\u00eddico<\/td>\n<td>4.335,81<\/td>\n<\/tr>\n<tr>\n<td>Assessor Controle Interno<\/td>\n<td>3.793,83<\/td>\n<\/tr>\n<tr>\n<td>Coordenador de Projeto\/Programa<\/td>\n<td>3.793,83<\/td>\n<\/tr>\n<\/tbody>\n<\/table>\n<p>&nbsp;<\/p>\n<table class=\"comicGreen\">\n<thead>\n<tr>\n<th><strong>REMUNERA\u00c7\u00c3O \u2013 FUN\u00c7\u00d5ES GRATIFICADAS<\/strong><\/th>\n<th>&nbsp;<\/th>\n<\/tr>\n<\/thead>\n<tbody>\n<tr>\n<td style=\"text-align: center;\">Gestor de Departamento<\/td>\n<td style=\"text-align: center;\">2.818,28<\/td>\n<\/tr>\n<tr>\n<td style=\"text-align: center;\">Gestor de N\u00facleo<\/td>\n<td style=\"text-align: center;\">1.951,11<\/td>\n<\/tr>\n<\/tbody>\n<\/table>\n","protected":false},"excerpt":{"rendered":"<p>&nbsp; REMUNERA\u00c7\u00c3O DOS CARGOS &nbsp; Assistente N\u00edvel I De 1.369,69 a 1.790,64 Assistente N\u00edvel II De 1.849,07 a 2.417,36 Assistente N\u00edvel III De 2.496,24 a 3.263,44 Assistente N\u00edvel IV De 3.369,93 a 4.405,64 Analista Junior De 4.549,40 a 5.947,61 Analista Pleno De 6.141,70 a 8.029,27 Analista S\u00eanior De 8.291,30 a 10.839,52 &nbsp; REMUNERA\u00c7\u00c3O \u2013 CARGOS [&hellip;]<\/p>\n","protected":false},"author":1,"featured_media":0,"parent":0,"menu_order":0,"comment_status":"closed","ping_status":"closed","template":"","meta":{"footnotes":""},"class_list":["post-9323","page","type-page","status-publish","czr-hentry"],"_links":{"self":[{"href":"http:\/\/faec.org.br\/senar\/wp-json\/wp\/v2\/pages\/9323","targetHints":{"allow":["GET"]}}],"collection":[{"href":"http:\/\/faec.org.br\/senar\/wp-json\/wp\/v2\/pages"}],"about":[{"href":"http:\/\/faec.org.br\/senar\/wp-json\/wp\/v2\/types\/page"}],"author":[{"embeddable":true,"href":"http:\/\/faec.org.br\/senar\/wp-json\/wp\/v2\/users\/1"}],"replies":[{"embeddable":true,"href":"http:\/\/faec.org.br\/senar\/wp-json\/wp\/v2\/comments?post=9323"}],"version-history":[{"count":0,"href":"http:\/\/faec.org.br\/senar\/wp-json\/wp\/v2\/pages\/9323\/revisions"}],"wp:attachment":[{"href":"http:\/\/faec.org.br\/senar\/wp-json\/wp\/v2\/media?parent=9323"}],"curies":[{"name":"wp","href":"https:\/\/api.w.org\/{rel}","templated":true}]}}