{"id":9133,"date":"2019-02-04T10:13:06","date_gmt":"2019-02-04T13:13:06","guid":{"rendered":"http:\/\/senarce.org.br\/novo\/?page_id=9133"},"modified":"2023-03-28T08:34:54","modified_gmt":"2023-03-28T11:34:54","slug":"edital-de-credenciamento-no-001-2019-ateg","status":"publish","type":"page","link":"http:\/\/faec.org.br\/senar\/credenciamento-2-2\/edital-de-credenciamento-no-001-2019-ateg\/","title":{"rendered":"EDITAL DE CREDENCIAMENTO N\u00ba 001.2019 &#8211; RETIFICADO &#8211; ATEG e ATEG AGROIND\u00daSTRIA"},"content":{"rendered":"<p><strong><a href=\"http:\/\/faec.org.br\/senar\/wp-content\/uploads\/2022\/09\/ADITIVO-No-007-EDITAL-DE-CREDENCIAMENTO.pdf\">ADITIVO N\u00ba 007 &#8211; EDITAL DE CREDENCIAMENTO<\/a><\/strong><\/p>\n<p><strong><a href=\"http:\/\/faec.org.br\/senar\/wp-content\/uploads\/2022\/05\/ADITIVO-No-006-EDITAL-DE-CREDENCIAMENTO-001.pdf\">ADITIVO N\u00ba 006 &#8211; EDITAL DE CREDENCIAMENTO 001.2019<\/a><\/strong><\/p>\n<p><a href=\"http:\/\/faec.org.br\/senar\/wp-content\/uploads\/2021\/06\/ADITIVO-N\u00ba-005-EDITAL-DE-CREDENCIAMENTO-N\u00ba-001_2019.pdf\"><strong>ADITIVO N\u00ba 005 &#8211; EDITAL DE CREDENCIAMENTO 001.2019 (\u00daLTIMA VERS\u00c3O)<\/strong><\/a><\/p>\n<p><strong><a href=\"http:\/\/faec.org.br\/senar\/wp-content\/uploads\/2020\/12\/ADITIVO-N\u00ba-004-EDITAL-DE-CREDENCIAMENTO-n\u00ba-001.pdf\">ADITIVO N\u00ba 004 &#8211; EDITAL DE CREDENCIAMENTO 001.2019<\/a><\/strong><\/p>\n<p><strong><a href=\"http:\/\/faec.org.br\/senar\/wp-content\/uploads\/2020\/03\/ADITIVO-N\u00ba-003-EDITAL-DE-CREDENCIAMENTO-001.2019.pdf\">ADITIVO N\u00ba 003 &#8211; EDITAL DE CREDENCIAMENTO 001.2019<\/a><\/strong><\/p>\n<p>&nbsp;<\/p>\n<h2><strong><a href=\"http:\/\/faec.org.br\/senar\/wp-content\/uploads\/2022\/08\/2.-Edital-de-Credenciamento-no-001.2019-ADITIVO-002-ATUALIZADO.pdf\">Clique aqui para abrir o Edital<\/a><\/strong><\/h2>\n<h2><a href=\"http:\/\/faec.org.br\/senar\/wp-content\/uploads\/2022\/02\/IS-no-020.2021-Precos_Ateg.pdf\"><strong>Intru\u00e7\u00e3o de Servi\u00e7o n\u00ba 020.2021 &#8211; Pre\u00e7os Ateg<\/strong><\/a><\/h2>\n<p>&nbsp;<\/p>\n<p><strong><a href=\"http:\/\/faec.org.br\/senar\/wp-content\/uploads\/2020\/01\/2.-Edital-de-Credenciamento-n\u00ba-001.2019-ADITIVO-002.pdf\">Edital de Credenciamento ATEG PROGRAMA DE ASSIST\u00caNCIA T\u00c9CNICA E GERENCIAL \/ ATeG CREDENCIAMENTO N\u00ba 001\/2019 (Edital Retificado) ADITIVO N\u00ba 002\/2019<\/a><\/strong><\/p>\n<p><strong><a href=\"http:\/\/faec.org.br\/senar\/wp-content\/uploads\/2021\/02\/ATA-DA-COMISS\u00c3O-DE-CREDENCIAMENTO-19-DE-FEVEREIRO.pdf\">ATA DA COMISS\u00c3O DE CREDENCIAMENTO &#8211; 19 DE FEVEREIRO<\/a><\/strong><\/p>\n<p><div id=\"sp-ea-16121\" class=\"sp-ea-one sp-easy-accordion\" data-ex-icon=\"fa-minus\" data-col-icon=\"fa-plus\"  data-ea-active=\"ea-click\"  data-ea-mode=\"vertical\" data-preloader=\"\"><div class=\"ea-card  sp-ea-single\"><h3 class=\"ea-header\"><a class=\"collapsed\" data-sptoggle=\"spcollapse\" data-sptarget=#collapse161210 href=\"javascript:void(0)\" aria-expanded=\"false\"><i class=\"ea-expand-icon fa fa-plus\"><\/i> Anexos<\/a><\/h3><div class=\"sp-collapse spcollapse spcollapse\" id=\"collapse161210\" data-parent=#sp-ea-16121><div class=\"ea-body\"><div class='w3eden'>\n    <div class=''>\n\n        <form method=\"get\" class=\"\" data-container=\"#content_wpdm_package_1\" id=\"sc_form_wpdm_package_1\" style=\"margin-bottom: 15px\">\n    \n            <div class=\"card panel panel-default wpdm-shortcode-toolbar\">\n                <div class=\"card-body panel-body\">\n                    <div class=\"row\">\n                        <div class=\"col-lg-6 col-md-12\">\n                            <input type=\"search\" name=\"skw\" value=\"\" placeholder=\"Search Keyword...\" class=\"form-control\" \/>\n                        <\/div>\n                        <div class=\"col-lg-2 col-md-4\">\n                            <select name=\"orderby\" class=\"wpdm-custom-select custom-select\">\n                                <option value=\"date\" disabled=\"disabled\">Order By:<\/option>\n                                <option value=\"date\" > Data de Publica\u00e7\u00e3o<\/option>\n                                <option value=\"title\" >T\u00edtulo<\/option>\n                                <option value=\"update_date\" > Data de atualiza\u00e7\u00e3o<\/option>\n                                <option value=\"downloads\" >Downloads<\/option>\n                                <option value=\"views\" >Views<\/option>\n                            <\/select>\n                        <\/div>\n                        <div class=\"col-lg-2 col-md-4\">\n                            <select name=\"order\" class=\"wpdm-custom-select custom-select\">\n                                <option value=\"desc\" disabled=\"disabled\">Order:<\/option>\n                                <option value=\"desc\" >Descending<\/option>\n                                <option value=\"asc\" >Ascending<\/option>\n                            <\/select>\n                        <\/div>\n                        <div class=\"col-lg-2 col-md-4\">\n                            <button type=\"submit\" class=\"btn btn-secondary btn-block\">Apply Filter<\/button>\n                        <\/div>\n                    <\/div>\n                <\/div>\n            <\/div>\n\n            <\/form>\n<div class=\"spacer mb-3 d-block clearfix\"><\/div>\n\n        <div id=\"content_wpdm_package_1\">\n            <div class='row'><div class='col-lg-4 col-md-6 col-12'><!-- WPDM Link Template: Default Template -->\n\n<div class=\"link-template-default card mb-2\">\n    <div class=\"card-body\">\n        <div class=\"media\">\n            <div class=\"mr-3 img-48\"><img decoding=\"async\" class=\"wpdm_icon\" alt=\"\u00edcone\" src=\"http:\/\/faec.org.br\/senar\/wp-content\/plugins\/download-manager\/assets\/file-type-icons\/pdf.svg\" \/><\/div>\n            <div class=\"media-body\">\n                <h3 class=\"package-title\"><a href='http:\/\/faec.org.br\/senar\/download\/resultado-final-2a-etapa-lote-52\/'>Resultado Final  2\u00aa etapa - Lote 52<\/a><\/h3>\n                <div class=\"text-muted text-small\"><i class=\"fas fa-copy\"><\/i> 1  arquivo(s) <i class=\"fas fa-hdd ml-3\"><\/i> 85.07 KB<\/div>\n            <\/div>\n            <div class=\"ml-3\">\n                <a class='wpdm-download-link download-on-click btn btn-primary ' rel='nofollow' href='#' data-downloadurl=\"http:\/\/faec.org.br\/senar\/download\/resultado-final-2a-etapa-lote-52\/?wpdmdl=16613&refresh=69df77a7683af1776252839\">Download<\/a>\n            <\/div>\n        <\/div>\n    <\/div>\n<\/div>\n\n<\/div><div class='col-lg-4 col-md-6 col-12'><!-- WPDM Link Template: Default Template -->\n\n<div class=\"link-template-default card mb-2\">\n    <div class=\"card-body\">\n        <div class=\"media\">\n            <div class=\"mr-3 img-48\"><img decoding=\"async\" class=\"wpdm_icon\" alt=\"\u00edcone\" src=\"http:\/\/faec.org.br\/senar\/wp-content\/plugins\/download-manager\/assets\/file-type-icons\/pdf.svg\" \/><\/div>\n            <div class=\"media-body\">\n                <h3 class=\"package-title\"><a href='http:\/\/faec.org.br\/senar\/download\/convocacao-2a-etapa-lote-52\/'>Convoca\u00e7\u00e3o 2\u00aa etapa - Lote 52<\/a><\/h3>\n                <div class=\"text-muted text-small\"><i class=\"fas fa-copy\"><\/i> 1  arquivo(s) <i class=\"fas fa-hdd ml-3\"><\/i> 85.96 KB<\/div>\n            <\/div>\n            <div class=\"ml-3\">\n                <a class='wpdm-download-link download-on-click btn btn-primary ' rel='nofollow' href='#' data-downloadurl=\"http:\/\/faec.org.br\/senar\/download\/convocacao-2a-etapa-lote-52\/?wpdmdl=16602&refresh=69df77a76d1091776252839\">Download<\/a>\n            <\/div>\n        <\/div>\n    <\/div>\n<\/div>\n\n<\/div><div class='col-lg-4 col-md-6 col-12'><!-- WPDM Link Template: Default Template -->\n\n<div class=\"link-template-default card mb-2\">\n    <div class=\"card-body\">\n        <div class=\"media\">\n            <div class=\"mr-3 img-48\"><img decoding=\"async\" class=\"wpdm_icon\" alt=\"\u00edcone\" src=\"http:\/\/faec.org.br\/senar\/wp-content\/plugins\/download-manager\/assets\/file-type-icons\/pdf.svg\" \/><\/div>\n            <div class=\"media-body\">\n                <h3 class=\"package-title\"><a href='http:\/\/faec.org.br\/senar\/download\/resultado-final-1o-etapa-52o-lote\/'>Resultado Final 1\u00ba Etapa - 52\u00ba Lote<\/a><\/h3>\n                <div class=\"text-muted text-small\"><i class=\"fas fa-copy\"><\/i> 1  arquivo(s) <i class=\"fas fa-hdd ml-3\"><\/i> 86.48 KB<\/div>\n            <\/div>\n            <div class=\"ml-3\">\n                <a class='wpdm-download-link download-on-click btn btn-primary ' rel='nofollow' href='#' data-downloadurl=\"http:\/\/faec.org.br\/senar\/download\/resultado-final-1o-etapa-52o-lote\/?wpdmdl=16601&refresh=69df77a76f4f01776252839\">Download<\/a>\n            <\/div>\n        <\/div>\n    <\/div>\n<\/div>\n\n<\/div><div class='col-lg-4 col-md-6 col-12'><!-- WPDM Link Template: Default Template -->\n\n<div class=\"link-template-default card mb-2\">\n    <div class=\"card-body\">\n        <div class=\"media\">\n            <div class=\"mr-3 img-48\"><img decoding=\"async\" class=\"wpdm_icon\" alt=\"\u00edcone\" src=\"http:\/\/faec.org.br\/senar\/wp-content\/plugins\/download-manager\/assets\/file-type-icons\/pdf.svg\" \/><\/div>\n            <div class=\"media-body\">\n                <h3 class=\"package-title\"><a href='http:\/\/faec.org.br\/senar\/download\/resultado-final-2a-etapa-lote-50-complementar\/'>Resultado Final 2\u00aa etapa - Lote 50 - Complementar<\/a><\/h3>\n                <div class=\"text-muted text-small\"><i class=\"fas fa-copy\"><\/i> 1  arquivo(s) <i class=\"fas fa-hdd ml-3\"><\/i> 133.69 KB<\/div>\n            <\/div>\n            <div class=\"ml-3\">\n                <a class='wpdm-download-link download-on-click btn btn-primary ' rel='nofollow' href='#' data-downloadurl=\"http:\/\/faec.org.br\/senar\/download\/resultado-final-2a-etapa-lote-50-complementar\/?wpdmdl=16483&refresh=69df77a771d4c1776252839\">Download<\/a>\n            <\/div>\n        <\/div>\n    <\/div>\n<\/div>\n\n<\/div><div class='col-lg-4 col-md-6 col-12'><!-- WPDM Link Template: Default Template -->\n\n<div class=\"link-template-default card mb-2\">\n    <div class=\"card-body\">\n        <div class=\"media\">\n            <div class=\"mr-3 img-48\"><img decoding=\"async\" class=\"wpdm_icon\" alt=\"\u00edcone\" src=\"http:\/\/faec.org.br\/senar\/wp-content\/plugins\/download-manager\/assets\/file-type-icons\/pdf.svg\" \/><\/div>\n            <div class=\"media-body\">\n                <h3 class=\"package-title\"><a href='http:\/\/faec.org.br\/senar\/download\/resultado-final-2a-etapa-lote-51-complementar\/'>Resultado Final 2\u00aa etapa - Lote 51 - complementar<\/a><\/h3>\n                <div class=\"text-muted text-small\"><i class=\"fas fa-copy\"><\/i> 1  arquivo(s) <i class=\"fas fa-hdd ml-3\"><\/i> 85.21 KB<\/div>\n            <\/div>\n            <div class=\"ml-3\">\n                <a class='wpdm-download-link download-on-click btn btn-primary ' rel='nofollow' href='#' data-downloadurl=\"http:\/\/faec.org.br\/senar\/download\/resultado-final-2a-etapa-lote-51-complementar\/?wpdmdl=16482&refresh=69df77a7746121776252839\">Download<\/a>\n            <\/div>\n        <\/div>\n    <\/div>\n<\/div>\n\n<\/div><div class='col-lg-4 col-md-6 col-12'><!-- WPDM Link Template: Default Template -->\n\n<div class=\"link-template-default card mb-2\">\n    <div class=\"card-body\">\n        <div class=\"media\">\n            <div class=\"mr-3 img-48\"><img decoding=\"async\" class=\"wpdm_icon\" alt=\"\u00edcone\" src=\"http:\/\/faec.org.br\/senar\/wp-content\/plugins\/download-manager\/assets\/file-type-icons\/pdf.svg\" \/><\/div>\n            <div class=\"media-body\">\n                <h3 class=\"package-title\"><a href='http:\/\/faec.org.br\/senar\/download\/resultado-final-1o-etapa-51o-lote-1\/'>Resultado FINAL 1\u00ba Etapa - 51\u00ba Lote 1<\/a><\/h3>\n                <div class=\"text-muted text-small\"><i class=\"fas fa-copy\"><\/i> 1  arquivo(s) <i class=\"fas fa-hdd ml-3\"><\/i> 224.07 KB<\/div>\n            <\/div>\n            <div class=\"ml-3\">\n                <a class='wpdm-download-link download-on-click btn btn-primary ' rel='nofollow' href='#' data-downloadurl=\"http:\/\/faec.org.br\/senar\/download\/resultado-final-1o-etapa-51o-lote-1\/?wpdmdl=16462&refresh=69df77a77726e1776252839\">Download<\/a>\n            <\/div>\n        <\/div>\n    <\/div>\n<\/div>\n\n<\/div><\/div>            <div style='clear:both'><\/div><div class='text-center'><ul class='pagination wpdm-pagination pagination-centered text-center'><li><span aria-current=\"page\" class=\"page-numbers current\">1<\/span><\/li><li><a data-container='#content_wpdm_package_1' class=\"page-numbers\" href=\"http:\/\/faec.org.br\/senar\/wp-json\/wp\/v2\/pages\/9133\/?cp=2\">2<\/a><\/li><li><a data-container='#content_wpdm_package_1' class=\"page-numbers\" href=\"http:\/\/faec.org.br\/senar\/wp-json\/wp\/v2\/pages\/9133\/?cp=3\">3<\/a><\/li><li><span class=\"page-numbers dots\">&hellip;<\/span><\/li><li><a data-container='#content_wpdm_package_1' class=\"page-numbers\" href=\"http:\/\/faec.org.br\/senar\/wp-json\/wp\/v2\/pages\/9133\/?cp=38\">38<\/a><\/li><li><a data-container='#content_wpdm_package_1' class=\"page-numbers\" href=\"http:\/\/faec.org.br\/senar\/wp-json\/wp\/v2\/pages\/9133\/?cp=39\">39<\/a><\/li><li><a data-container='#content_wpdm_package_1' class=\"next page-numbers\" href=\"http:\/\/faec.org.br\/senar\/wp-json\/wp\/v2\/pages\/9133\/?cp=2\"> <i style=\"display: inline-block;width: 8px;height: 8px;border-right: 2px solid;border-top: 2px solid;transform: rotate(45deg);margin-left: -2px;margin-top: -2px;\"><\/i> <\/a><\/li><\/ul><\/div><div style='clear:both'><\/div>        <\/div>\n\n        <div style='clear:both'><\/div>\n    <\/div>\n<\/div>\n\n<\/div><\/div><\/div><\/div><br \/>\n&nbsp;<\/p>\n","protected":false},"excerpt":{"rendered":"<p>ADITIVO N\u00ba 007 &#8211; EDITAL DE CREDENCIAMENTO ADITIVO N\u00ba 006 &#8211; EDITAL DE CREDENCIAMENTO 001.2019 ADITIVO N\u00ba 005 &#8211; EDITAL DE CREDENCIAMENTO 001.2019 (\u00daLTIMA VERS\u00c3O) ADITIVO N\u00ba 004 &#8211; EDITAL DE CREDENCIAMENTO 001.2019 ADITIVO N\u00ba 003 &#8211; EDITAL DE CREDENCIAMENTO 001.2019 &nbsp; Clique aqui para abrir o Edital Intru\u00e7\u00e3o de Servi\u00e7o n\u00ba 020.2021 &#8211; Pre\u00e7os [&hellip;]<\/p>\n","protected":false},"author":1,"featured_media":0,"parent":2351,"menu_order":0,"comment_status":"closed","ping_status":"closed","template":"","meta":{"footnotes":""},"class_list":["post-9133","page","type-page","status-publish","czr-hentry"],"_links":{"self":[{"href":"http:\/\/faec.org.br\/senar\/wp-json\/wp\/v2\/pages\/9133","targetHints":{"allow":["GET"]}}],"collection":[{"href":"http:\/\/faec.org.br\/senar\/wp-json\/wp\/v2\/pages"}],"about":[{"href":"http:\/\/faec.org.br\/senar\/wp-json\/wp\/v2\/types\/page"}],"author":[{"embeddable":true,"href":"http:\/\/faec.org.br\/senar\/wp-json\/wp\/v2\/users\/1"}],"replies":[{"embeddable":true,"href":"http:\/\/faec.org.br\/senar\/wp-json\/wp\/v2\/comments?post=9133"}],"version-history":[{"count":9,"href":"http:\/\/faec.org.br\/senar\/wp-json\/wp\/v2\/pages\/9133\/revisions"}],"predecessor-version":[{"id":16115,"href":"http:\/\/faec.org.br\/senar\/wp-json\/wp\/v2\/pages\/9133\/revisions\/16115"}],"up":[{"embeddable":true,"href":"http:\/\/faec.org.br\/senar\/wp-json\/wp\/v2\/pages\/2351"}],"wp:attachment":[{"href":"http:\/\/faec.org.br\/senar\/wp-json\/wp\/v2\/media?parent=9133"}],"curies":[{"name":"wp","href":"https:\/\/api.w.org\/{rel}","templated":true}]}}