{"id":7361,"date":"2018-04-26T10:26:54","date_gmt":"2018-04-26T13:26:54","guid":{"rendered":"http:\/\/senarce.org.br\/novo\/?page_id=7361"},"modified":"2023-03-30T11:58:21","modified_gmt":"2023-03-30T14:58:21","slug":"contratos-vigentes-e-encerrados-2","status":"publish","type":"page","link":"http:\/\/faec.org.br\/senar\/contratos-vigentes-e-encerrados-2\/","title":{"rendered":"Contratos Vigentes e Encerrados"},"content":{"rendered":"<h2 style=\"text-align: center;\">Contratos<\/h2>\n<p>&nbsp;<\/p>\n<p>&nbsp;<\/p>\n<address>\u00a0Contratos por Ano:<\/address>\n<address><select name=\"jumpit\" size=\"1\" onchange=\"document.location.href=this.value\"><option selected=\"selected\" value=\"\">Escolha uma op\u00e7\u00e3o:<\/option><option value=\"http:\/\/faec.org.br\/senar\/contratos-vigentes-e-encerrados\/\">Contratos Pessoa F\u00edsica 2017<\/option><option value=\"http:\/\/faec.org.br\/senar\/contratos-vigentes-e-encerrados-pessoa-juridica-2017\/\">Contratos Pessoa Jur\u00eddica 2017<\/option><option value=\"http:\/\/faec.org.br\/senar\/contratos-vigentes-e-encerrados-pessoa-fisica-2018\/\">Contratos Pessoa F\u00edsica 2018<\/option><option value=\"http:\/\/faec.org.br\/senar\/contratos-vigentes-e-encerrados-pessoa-juridica-2018-2\/\">Contratos Pessoa Jur\u00eddica 2018<\/option><option value=\"https:\/\/app3.cna.org.br\/transparencia\/#2019\">Contratos 2019<\/option><option value=\"https:\/\/app3.cna.org.br\/transparencia\/#2020\">Contratos 2020<\/option><option value=\"https:\/\/app3.cna.org.br\/transparencia\/#2021\">Contratos 2021<\/option><option value=\"https:\/\/app3.cna.org.br\/transparencia\/#2022\">Contratos 2022<\/option><option value=\"https:\/\/app3.cna.org.br\/transparencia\/#2023\">Contratos 2023<\/option><\/select><\/address>\n","protected":false},"excerpt":{"rendered":"<p>Contratos &nbsp; &nbsp; \u00a0Contratos por Ano: Escolha uma op\u00e7\u00e3o:Contratos Pessoa F\u00edsica 2017Contratos Pessoa Jur\u00eddica 2017Contratos Pessoa F\u00edsica 2018Contratos Pessoa Jur\u00eddica 2018Contratos 2019Contratos 2020Contratos 2021Contratos 2022Contratos 2023<\/p>\n","protected":false},"author":1,"featured_media":0,"parent":0,"menu_order":0,"comment_status":"closed","ping_status":"closed","template":"","meta":{"footnotes":""},"class_list":["post-7361","page","type-page","status-publish","czr-hentry"],"_links":{"self":[{"href":"http:\/\/faec.org.br\/senar\/wp-json\/wp\/v2\/pages\/7361","targetHints":{"allow":["GET"]}}],"collection":[{"href":"http:\/\/faec.org.br\/senar\/wp-json\/wp\/v2\/pages"}],"about":[{"href":"http:\/\/faec.org.br\/senar\/wp-json\/wp\/v2\/types\/page"}],"author":[{"embeddable":true,"href":"http:\/\/faec.org.br\/senar\/wp-json\/wp\/v2\/users\/1"}],"replies":[{"embeddable":true,"href":"http:\/\/faec.org.br\/senar\/wp-json\/wp\/v2\/comments?post=7361"}],"version-history":[{"count":1,"href":"http:\/\/faec.org.br\/senar\/wp-json\/wp\/v2\/pages\/7361\/revisions"}],"predecessor-version":[{"id":16305,"href":"http:\/\/faec.org.br\/senar\/wp-json\/wp\/v2\/pages\/7361\/revisions\/16305"}],"wp:attachment":[{"href":"http:\/\/faec.org.br\/senar\/wp-json\/wp\/v2\/media?parent=7361"}],"curies":[{"name":"wp","href":"https:\/\/api.w.org\/{rel}","templated":true}]}}