{"id":16582,"date":"2023-06-14T14:23:19","date_gmt":"2023-06-14T17:23:19","guid":{"rendered":"http:\/\/faec.org.br\/senar\/?page_id=16582"},"modified":"2026-02-11T11:05:26","modified_gmt":"2026-02-11T14:05:26","slug":"edital-de-credenciamento-no-002-2023-servicos-de-ateg","status":"publish","type":"page","link":"http:\/\/faec.org.br\/senar\/edital-de-credenciamento-no-002-2023-servicos-de-ateg\/","title":{"rendered":"EDITAL DE CREDENCIAMENTO N\u00ba 002.2023 \u2013 Servi\u00e7os de ATeG"},"content":{"rendered":"<p style=\"text-align: justify;\">O Servi\u00e7o Nacional de Aprendizagem Rural \u2013 Administra\u00e7\u00e3o Regional do Estado do Cear\u00e1 \u2013 SENAR-AR\/CE, pessoa jur\u00eddica de direito privado, entidade de Forma\u00e7\u00e3o Profissional Rural, sem fins lucrativos, inscrito no CNPJ sob o N\u00ba 04.284.688\/0001-30, com sede na Avenida Eduardo Gir\u00e3o, n\u00ba 317 &#8211; 1\u00ba andar, Bairro Jardim Am\u00e9rica, Fortaleza\/CE \u2013 CEP: 60.410-442, por meio de sua Superintend\u00eancia, torna p\u00fablico, a partir desta data, que dar\u00e1 continuidade as inscri\u00e7\u00f5es para credenciamento de pessoas jur\u00eddicas, para integrar o cadastro de profissionais habilitados na presta\u00e7\u00e3o de servi\u00e7os de T\u00c9CNICO DE CAMPO, T\u00c9CNICO ESPECIALISTA E SUPERVISOR, junto as a\u00e7\u00f5es da Assist\u00eancia T\u00e9cnica e Gerencial &#8211; ATeG, na forma estabelecida neste edital, com fundamento no art. 10, caput, do Regulamento de Licita\u00e7\u00f5es e Contratos &#8211; RLC do SENAR.<\/p>\n<p>&nbsp;<\/p>\n<p><iframe loading=\"lazy\" style=\"width: 925px; height: 900px;\" src=\"https:\/\/faec.org.br\/senar\/wp-content\/uploads\/2023\/06\/Edital-001-2023-Credenciamento-ATeG-1.pdf\" width=\"450\" height=\"900\" frameborder=\"0\"><\/iframe><\/p>\n","protected":false},"excerpt":{"rendered":"<p>O Servi\u00e7o Nacional de Aprendizagem Rural \u2013 Administra\u00e7\u00e3o Regional do Estado do Cear\u00e1 \u2013 SENAR-AR\/CE, pessoa jur\u00eddica de direito privado, entidade de Forma\u00e7\u00e3o Profissional Rural, sem fins lucrativos, inscrito no CNPJ sob o N\u00ba 04.284.688\/0001-30, com sede na Avenida Eduardo Gir\u00e3o, n\u00ba 317 &#8211; 1\u00ba andar, Bairro Jardim Am\u00e9rica, Fortaleza\/CE \u2013 CEP: 60.410-442, por meio [&hellip;]<\/p>\n","protected":false},"author":1,"featured_media":0,"parent":0,"menu_order":0,"comment_status":"closed","ping_status":"closed","template":"","meta":{"footnotes":""},"class_list":["post-16582","page","type-page","status-publish","czr-hentry"],"_links":{"self":[{"href":"http:\/\/faec.org.br\/senar\/wp-json\/wp\/v2\/pages\/16582","targetHints":{"allow":["GET"]}}],"collection":[{"href":"http:\/\/faec.org.br\/senar\/wp-json\/wp\/v2\/pages"}],"about":[{"href":"http:\/\/faec.org.br\/senar\/wp-json\/wp\/v2\/types\/page"}],"author":[{"embeddable":true,"href":"http:\/\/faec.org.br\/senar\/wp-json\/wp\/v2\/users\/1"}],"replies":[{"embeddable":true,"href":"http:\/\/faec.org.br\/senar\/wp-json\/wp\/v2\/comments?post=16582"}],"version-history":[{"count":8,"href":"http:\/\/faec.org.br\/senar\/wp-json\/wp\/v2\/pages\/16582\/revisions"}],"predecessor-version":[{"id":18076,"href":"http:\/\/faec.org.br\/senar\/wp-json\/wp\/v2\/pages\/16582\/revisions\/18076"}],"wp:attachment":[{"href":"http:\/\/faec.org.br\/senar\/wp-json\/wp\/v2\/media?parent=16582"}],"curies":[{"name":"wp","href":"https:\/\/api.w.org\/{rel}","templated":true}]}}

EDITAL DE CREDENCIAMENTO Nº 002.2023 – Serviços de ATeG

<p style="text-align: justify;">O Serviço Nacional de Aprendizagem Rural – Administração Regional do Estado do Ceará – SENAR-AR/CE, pessoa jurídica de direito privado, entidade de Formação Profissional Rural, sem fins lucrativos, inscrito no CNPJ sob o Nº 04.284.688/0001-30, com sede na Avenida Eduardo Girão, nº 317 &#8211; 1º andar, Bairro Jardim América, Fortaleza/CE – CEP: 60.410-442, por meio de sua Superintendência, torna público, a partir desta data, que dará continuidade as inscrições para credenciamento de pessoas jurídicas, para integrar o cadastro de profissionais habilitados na prestação de serviços de TÉCNICO DE CAMPO, TÉCNICO ESPECIALISTA E SUPERVISOR, junto as ações da Assistência Técnica e Gerencial &#8211; ATeG, na forma estabelecida neste edital, com fundamento no art. 10, caput, do Regulamento de Licitações e Contratos &#8211; RLC do SENAR.</p>
<p>&nbsp;</p>
<p><iframe loading="lazy" style="width: 925px; height: 900px;" src="https://faec.org.br/senar/wp-content/uploads/2023/06/Edital-001-2023-Credenciamento-ATeG-1.pdf" width="450" height="900" frameborder="0"></iframe></p>

<p>O Serviço Nacional de Aprendizagem Rural – Administração Regional do Estado do Ceará – SENAR-AR/CE, pessoa jurídica de direito privado, entidade de Formação Profissional Rural, sem fins lucrativos, inscrito no CNPJ sob o Nº 04.284.688/0001-30, com sede na Avenida Eduardo Girão, nº 317 &#8211; 1º andar, Bairro Jardim América, Fortaleza/CE – CEP: 60.410-442, por meio [&hellip;]</p>
