{"id":15974,"date":"2022-05-12T13:18:18","date_gmt":"2022-05-12T16:18:18","guid":{"rendered":"http:\/\/senarce.org.br\/novo\/?page_id=15478"},"modified":"2025-04-07T07:53:41","modified_gmt":"2025-04-07T10:53:41","slug":"edital-de-credenciamento-no-002-2022-medios-urologistas","status":"publish","type":"page","link":"http:\/\/faec.org.br\/senar\/edital-de-credenciamento-no-002-2022-medios-urologistas\/","title":{"rendered":"Edital de Credenciamento\u00a0N\u00ba 002\/2022 &#8211;\u00a0M\u00e9dicos Urologistas"},"content":{"rendered":"<p style=\"text-align: justify;\">O Servi\u00e7o Nacional de Aprendizagem Rural \u2013 Administra\u00e7\u00e3o Regional do Estado do Cear\u00e1 \u2013 SENAR-AR\/CE, pessoa jur\u00eddica de direito privado, Entidade de Forma\u00e7\u00e3o Profissional Rural, sem fins lucrativos, inscrito no CNPJ sob o n\u00ba 04.284.688\/0001-30, com sede na Avenida Eduardo Gir\u00e3o, n\u00ba 317 &#8211; 1\u00ba andar, Bairro Jardim Am\u00e9rica, Fortaleza\/CE \u2013 CEP: 60.410-442, por meio de sua Superintend\u00eancia, torna p\u00fablico, que a partir desta data, est\u00e1 recebendo as inscri\u00e7\u00f5es para CREDENCIAMENTO DE PESSOAS JUR\u00cdDICAS para integrarem o CADASTRO DE PRESTADORES DE SERVI\u00c7OS (M\u00c9DICOS UROLOGISTAS) PARA O PROGRAMA ESPECIAL SA\u00daDE DO HOMEM, na forma estabelecida neste edital, com fundamento no art. 10, caput, do Regulamento de Licita\u00e7\u00f5es e Contratos &#8211; RLC do SENAR.<\/p>\n<p>&nbsp;<\/p>\n<ul>\n<li><strong><a href=\"http:\/\/faec.org.br\/senar\/wp-content\/uploads\/2022\/07\/Resultado-Habilitacao-documental.pdf\">Resultado &#8211; Habilita\u00e7\u00e3o documental<\/a><\/strong><\/li>\n<li><strong><a href=\"http:\/\/faec.org.br\/senar\/wp-content\/uploads\/2022\/08\/Resultado-Habilitacao-documental-2.pdf\">Resultado &#8211; Habilita\u00e7\u00e3o documental &#8211; 2<\/a><\/strong><\/li>\n<li><strong><a href=\"http:\/\/faec.org.br\/senar\/wp-content\/uploads\/2022\/09\/Resultado-Habilitacao-documental-2-1.pdf\">Resultado &#8211; Habilita\u00e7\u00e3o documental &#8211; 3<\/a><\/strong><\/li>\n<li><strong><a href=\"http:\/\/faec.org.br\/senar\/wp-content\/uploads\/2022\/10\/Resultado-Habilitacao-documental-3.pdf\">Resultado &#8211; Habilita\u00e7\u00e3o documental &#8211; 3<\/a><\/strong><\/li>\n<li><a href=\"http:\/\/faec.org.br\/senar\/wp-content\/uploads\/2023\/07\/Resultado-Habilitacao-documental-4.doc\"><strong>Resultado &#8211; Habilita\u00e7\u00e3o documental &#8211; 4<\/strong><\/a><\/li>\n<li><a href=\"http:\/\/faec.org.br\/senar\/wp-content\/uploads\/2023\/10\/Resultado-Habilitacao-documental-5.pdf\"><span style=\"color: #339966;\"><strong>Resultado &#8211; Habilita\u00e7\u00e3o documental &#8211; 5<\/strong><\/span><\/a><\/li>\n<\/ul>\n<p>&nbsp;<\/p>\n<p><a href=\"https:\/\/app.meuping.io\/signup?account=56e62225-e29a-46bc-b1c4-544205d80294\"><img loading=\"lazy\" decoding=\"async\" class=\"aligncenter size-medium wp-image-15378\" src=\"http:\/\/faec.org.br\/senar\/wp-content\/uploads\/2022\/04\/image-3.png\" alt=\"\" width=\"300\" height=\"58\" \/><\/a><\/p>\n<p>&nbsp;<\/p>\n<p><iframe loading=\"lazy\" style=\"width: 925px; height: 900px;\" src=\"http:\/\/faec.org.br\/senar\/wp-content\/uploads\/2022\/05\/Edital-credenciamento-no-002.2022-Medicos-Urologistas-1.pdf\" width=\"450\" height=\"900\" frameborder=\"0\"><span data-mce-type=\"bookmark\" style=\"display: inline-block; width: 0px; overflow: hidden; line-height: 0;\" class=\"mce_SELRES_start\">\ufeff<\/span><span data-mce-type=\"bookmark\" style=\"display: inline-block; width: 0px; overflow: hidden; line-height: 0;\" class=\"mce_SELRES_start\">\ufeff<\/span><span data-mce-type=\"bookmark\" style=\"display: inline-block; width: 0px; overflow: hidden; line-height: 0;\" class=\"mce_SELRES_start\">\ufeff<\/span><\/iframe><\/p>\n","protected":false},"excerpt":{"rendered":"<p>O Servi\u00e7o Nacional de Aprendizagem Rural \u2013 Administra\u00e7\u00e3o Regional do Estado do Cear\u00e1 \u2013 SENAR-AR\/CE, pessoa jur\u00eddica de direito privado, Entidade de Forma\u00e7\u00e3o Profissional Rural, sem fins lucrativos, inscrito no CNPJ sob o n\u00ba 04.284.688\/0001-30, com sede na Avenida Eduardo Gir\u00e3o, n\u00ba 317 &#8211; 1\u00ba andar, Bairro Jardim Am\u00e9rica, Fortaleza\/CE \u2013 CEP: 60.410-442, por meio [&hellip;]<\/p>\n","protected":false},"author":1,"featured_media":0,"parent":0,"menu_order":0,"comment_status":"closed","ping_status":"closed","template":"","meta":{"footnotes":""},"class_list":["post-15974","page","type-page","status-publish","czr-hentry"],"_links":{"self":[{"href":"http:\/\/faec.org.br\/senar\/wp-json\/wp\/v2\/pages\/15974","targetHints":{"allow":["GET"]}}],"collection":[{"href":"http:\/\/faec.org.br\/senar\/wp-json\/wp\/v2\/pages"}],"about":[{"href":"http:\/\/faec.org.br\/senar\/wp-json\/wp\/v2\/types\/page"}],"author":[{"embeddable":true,"href":"http:\/\/faec.org.br\/senar\/wp-json\/wp\/v2\/users\/1"}],"replies":[{"embeddable":true,"href":"http:\/\/faec.org.br\/senar\/wp-json\/wp\/v2\/comments?post=15974"}],"version-history":[{"count":3,"href":"http:\/\/faec.org.br\/senar\/wp-json\/wp\/v2\/pages\/15974\/revisions"}],"predecessor-version":[{"id":17638,"href":"http:\/\/faec.org.br\/senar\/wp-json\/wp\/v2\/pages\/15974\/revisions\/17638"}],"wp:attachment":[{"href":"http:\/\/faec.org.br\/senar\/wp-json\/wp\/v2\/media?parent=15974"}],"curies":[{"name":"wp","href":"https:\/\/api.w.org\/{rel}","templated":true}]}}

Edital de Credenciamento Nº 002/2022 &#8211; Médicos Urologistas

<p style="text-align: justify;">O Serviço Nacional de Aprendizagem Rural – Administração Regional do Estado do Ceará – SENAR-AR/CE, pessoa jurídica de direito privado, Entidade de Formação Profissional Rural, sem fins lucrativos, inscrito no CNPJ sob o nº 04.284.688/0001-30, com sede na Avenida Eduardo Girão, nº 317 &#8211; 1º andar, Bairro Jardim América, Fortaleza/CE – CEP: 60.410-442, por meio de sua Superintendência, torna público, que a partir desta data, está recebendo as inscrições para CREDENCIAMENTO DE PESSOAS JURÍDICAS para integrarem o CADASTRO DE PRESTADORES DE SERVIÇOS (MÉDICOS UROLOGISTAS) PARA O PROGRAMA ESPECIAL SAÚDE DO HOMEM, na forma estabelecida neste edital, com fundamento no art. 10, caput, do Regulamento de Licitações e Contratos &#8211; RLC do SENAR.</p>
<p>&nbsp;</p>
<ul>
<li><strong><a href="http://faec.org.br/senar/wp-content/uploads/2022/07/Resultado-Habilitacao-documental.pdf">Resultado &#8211; Habilitação documental</a></strong></li>
<li><strong><a href="http://faec.org.br/senar/wp-content/uploads/2022/08/Resultado-Habilitacao-documental-2.pdf">Resultado &#8211; Habilitação documental &#8211; 2</a></strong></li>
<li><strong><a href="http://faec.org.br/senar/wp-content/uploads/2022/09/Resultado-Habilitacao-documental-2-1.pdf">Resultado &#8211; Habilitação documental &#8211; 3</a></strong></li>
<li><strong><a href="http://faec.org.br/senar/wp-content/uploads/2022/10/Resultado-Habilitacao-documental-3.pdf">Resultado &#8211; Habilitação documental &#8211; 3</a></strong></li>
<li><a href="http://faec.org.br/senar/wp-content/uploads/2023/07/Resultado-Habilitacao-documental-4.doc"><strong>Resultado &#8211; Habilitação documental &#8211; 4</strong></a></li>
<li><a href="http://faec.org.br/senar/wp-content/uploads/2023/10/Resultado-Habilitacao-documental-5.pdf"><span style="color: #339966;"><strong>Resultado &#8211; Habilitação documental &#8211; 5</strong></span></a></li>
</ul>
<p>&nbsp;</p>
<p><a href="https://app.meuping.io/signup?account=56e62225-e29a-46bc-b1c4-544205d80294"><img loading="lazy" decoding="async" class="aligncenter size-medium wp-image-15378" src="http://faec.org.br/senar/wp-content/uploads/2022/04/image-3.png" alt="" width="300" height="58" /></a></p>
<p>&nbsp;</p>
<p><iframe loading="lazy" style="width: 925px; height: 900px;" src="http://faec.org.br/senar/wp-content/uploads/2022/05/Edital-credenciamento-no-002.2022-Medicos-Urologistas-1.pdf" width="450" height="900" frameborder="0"><span data-mce-type="bookmark" style="display: inline-block; width: 0px; overflow: hidden; line-height: 0;" class="mce_SELRES_start">﻿</span><span data-mce-type="bookmark" style="display: inline-block; width: 0px; overflow: hidden; line-height: 0;" class="mce_SELRES_start">﻿</span><span data-mce-type="bookmark" style="display: inline-block; width: 0px; overflow: hidden; line-height: 0;" class="mce_SELRES_start">﻿</span></iframe></p>

<p>O Serviço Nacional de Aprendizagem Rural – Administração Regional do Estado do Ceará – SENAR-AR/CE, pessoa jurídica de direito privado, Entidade de Formação Profissional Rural, sem fins lucrativos, inscrito no CNPJ sob o nº 04.284.688/0001-30, com sede na Avenida Eduardo Girão, nº 317 &#8211; 1º andar, Bairro Jardim América, Fortaleza/CE – CEP: 60.410-442, por meio [&hellip;]</p>
